{"id":100,"date":"2016-02-10T11:15:28","date_gmt":"2016-02-10T10:15:28","guid":{"rendered":"http:\/\/magotarm.se\/vasterbottens-lansforening\/?page_id=100"},"modified":"2017-03-28T12:06:33","modified_gmt":"2017-03-28T10:06:33","slug":"styrelsen-2015","status":"publish","type":"page","link":"https:\/\/magotarm.se\/vasterbottens-lansforening\/vilka-vi-ar\/styrelsen-2015\/","title":{"rendered":"Styrelsen 2017"},"content":{"rendered":"<table width=\"335\">\n<tbody>\n<tr>\n<td width=\"335\">\n<table>\n<tbody>\n<tr>\n<td width=\"335\"><strong>Ordf\u00f6rande<\/strong><br \/>\nLars Bj\u00f6rnerb\u00e4ck<\/td>\n<\/tr>\n<\/tbody>\n<\/table>\n<\/td>\n<\/tr>\n<tr>\n<td width=\"335\"><strong>Ledamot<\/strong><\/td>\n<\/tr>\n<tr>\n<td width=\"335\">Stenley Olofsson<br \/>\nJonas Eriksson<\/td>\n<\/tr>\n<tr>\n<td>Hans \u00d6hlund<\/td>\n<\/tr>\n<tr>\n<td><strong>Suppleant<\/strong><br \/>\nEva Stridh<\/td>\n<\/tr>\n<tr>\n<td><strong>Revisor<\/strong><br \/>\nM\u00e4rtha Mattsson<br \/>\nBirger M\u00e5rtensson<\/td>\n<\/tr>\n<tr>\n<td><strong>Adjungerad<\/strong><\/td>\n<\/tr>\n<tr>\n<td>Margareta Lindberg<\/td>\n<\/tr>\n<tr>\n<td>Annika Bergstr\u00f6m<\/td>\n<\/tr>\n<tr>\n<td width=\"335\"><\/td>\n<\/tr>\n<tr>\n<td><\/td>\n<\/tr>\n<\/tbody>\n<\/table>\n","protected":false},"excerpt":{"rendered":"<p>Ordf\u00f6rande Lars Bj\u00f6rnerb\u00e4ck Ledamot Stenley Olofsson Jonas Eriksson Hans \u00d6hlund Suppleant Eva Stridh Revisor M\u00e4rtha Mattsson Birger M\u00e5rtensson Adjungerad &#8230;<\/p>\n","protected":false},"author":28,"featured_media":0,"parent":15,"menu_order":2,"comment_status":"closed","ping_status":"closed","template":"","meta":{"_acf_changed":false,"footnotes":"","_links_to":"","_links_to_target":""},"class_list":["post-100","page","type-page","status-publish","hentry","wp-sticky"],"acf":[],"yoast_head":"<!-- This site is optimized with the Yoast SEO plugin v27.4 - https:\/\/yoast.com\/product\/yoast-seo-wordpress\/ -->\n<title>Styrelsen 2017 - Mag- och tarmf\u00f6reningen i V\u00e4sterbotten<\/title>\n<meta name=\"robots\" content=\"index, follow, max-snippet:-1, max-image-preview:large, max-video-preview:-1\" \/>\n<link rel=\"canonical\" href=\"https:\/\/magotarm.se\/vasterbottens-lansforening\/vilka-vi-ar\/styrelsen-2015\/\" \/>\n<meta property=\"og:locale\" content=\"sv_SE\" \/>\n<meta property=\"og:type\" content=\"article\" \/>\n<meta property=\"og:title\" content=\"Styrelsen 2017 - Mag- och tarmf\u00f6reningen i V\u00e4sterbotten\" \/>\n<meta property=\"og:description\" content=\"Ordf\u00f6rande Lars Bj\u00f6rnerb\u00e4ck Ledamot Stenley Olofsson Jonas Eriksson Hans \u00d6hlund Suppleant Eva Stridh Revisor M\u00e4rtha Mattsson Birger M\u00e5rtensson Adjungerad ...\" \/>\n<meta property=\"og:url\" content=\"https:\/\/magotarm.se\/vasterbottens-lansforening\/vilka-vi-ar\/styrelsen-2015\/\" \/>\n<meta property=\"og:site_name\" content=\"Mag- och tarmf\u00f6reningen i V\u00e4sterbotten\" \/>\n<meta property=\"article:modified_time\" content=\"2017-03-28T10:06:33+00:00\" \/>\n<meta name=\"twitter:card\" content=\"summary_large_image\" \/>\n<script type=\"application\/ld+json\" class=\"yoast-schema-graph\">{\"@context\":\"https:\\\/\\\/schema.org\",\"@graph\":[{\"@type\":\"WebPage\",\"@id\":\"https:\\\/\\\/magotarm.se\\\/vasterbottens-lansforening\\\/vilka-vi-ar\\\/styrelsen-2015\\\/\",\"url\":\"https:\\\/\\\/magotarm.se\\\/vasterbottens-lansforening\\\/vilka-vi-ar\\\/styrelsen-2015\\\/\",\"name\":\"Styrelsen 2017 - Mag- och tarmf\u00f6reningen i V\u00e4sterbotten\",\"isPartOf\":{\"@id\":\"https:\\\/\\\/magotarm.se\\\/vasterbottens-lansforening\\\/#website\"},\"datePublished\":\"2016-02-10T10:15:28+00:00\",\"dateModified\":\"2017-03-28T10:06:33+00:00\",\"breadcrumb\":{\"@id\":\"https:\\\/\\\/magotarm.se\\\/vasterbottens-lansforening\\\/vilka-vi-ar\\\/styrelsen-2015\\\/#breadcrumb\"},\"inLanguage\":\"sv-SE\",\"potentialAction\":[{\"@type\":\"ReadAction\",\"target\":[\"https:\\\/\\\/magotarm.se\\\/vasterbottens-lansforening\\\/vilka-vi-ar\\\/styrelsen-2015\\\/\"]}]},{\"@type\":\"BreadcrumbList\",\"@id\":\"https:\\\/\\\/magotarm.se\\\/vasterbottens-lansforening\\\/vilka-vi-ar\\\/styrelsen-2015\\\/#breadcrumb\",\"itemListElement\":[{\"@type\":\"ListItem\",\"position\":1,\"name\":\"Hem\",\"item\":\"https:\\\/\\\/magotarm.se\\\/vasterbottens-lansforening\\\/\"},{\"@type\":\"ListItem\",\"position\":2,\"name\":\"Vilka vi \u00e4r\",\"item\":\"https:\\\/\\\/magotarm.se\\\/vasterbottens-lansforening\\\/vilka-vi-ar\\\/\"},{\"@type\":\"ListItem\",\"position\":3,\"name\":\"Styrelsen 2017\"}]},{\"@type\":\"WebSite\",\"@id\":\"https:\\\/\\\/magotarm.se\\\/vasterbottens-lansforening\\\/#website\",\"url\":\"https:\\\/\\\/magotarm.se\\\/vasterbottens-lansforening\\\/\",\"name\":\"Mag- och tarmf\u00f6reningen i V\u00e4sterbotten\",\"description\":\"En till Mag- och tarmf\u00f6rbundets Webbplatser webbplats\",\"potentialAction\":[{\"@type\":\"SearchAction\",\"target\":{\"@type\":\"EntryPoint\",\"urlTemplate\":\"https:\\\/\\\/magotarm.se\\\/vasterbottens-lansforening\\\/?s={search_term_string}\"},\"query-input\":{\"@type\":\"PropertyValueSpecification\",\"valueRequired\":true,\"valueName\":\"search_term_string\"}}],\"inLanguage\":\"sv-SE\"}]}<\/script>\n<!-- \/ Yoast SEO plugin. -->","yoast_head_json":{"title":"Styrelsen 2017 - Mag- och tarmf\u00f6reningen i V\u00e4sterbotten","robots":{"index":"index","follow":"follow","max-snippet":"max-snippet:-1","max-image-preview":"max-image-preview:large","max-video-preview":"max-video-preview:-1"},"canonical":"https:\/\/magotarm.se\/vasterbottens-lansforening\/vilka-vi-ar\/styrelsen-2015\/","og_locale":"sv_SE","og_type":"article","og_title":"Styrelsen 2017 - Mag- och tarmf\u00f6reningen i V\u00e4sterbotten","og_description":"Ordf\u00f6rande Lars Bj\u00f6rnerb\u00e4ck Ledamot Stenley Olofsson Jonas Eriksson Hans \u00d6hlund Suppleant Eva Stridh Revisor M\u00e4rtha Mattsson Birger M\u00e5rtensson Adjungerad ...","og_url":"https:\/\/magotarm.se\/vasterbottens-lansforening\/vilka-vi-ar\/styrelsen-2015\/","og_site_name":"Mag- och tarmf\u00f6reningen i V\u00e4sterbotten","article_modified_time":"2017-03-28T10:06:33+00:00","twitter_card":"summary_large_image","schema":{"@context":"https:\/\/schema.org","@graph":[{"@type":"WebPage","@id":"https:\/\/magotarm.se\/vasterbottens-lansforening\/vilka-vi-ar\/styrelsen-2015\/","url":"https:\/\/magotarm.se\/vasterbottens-lansforening\/vilka-vi-ar\/styrelsen-2015\/","name":"Styrelsen 2017 - Mag- och tarmf\u00f6reningen i V\u00e4sterbotten","isPartOf":{"@id":"https:\/\/magotarm.se\/vasterbottens-lansforening\/#website"},"datePublished":"2016-02-10T10:15:28+00:00","dateModified":"2017-03-28T10:06:33+00:00","breadcrumb":{"@id":"https:\/\/magotarm.se\/vasterbottens-lansforening\/vilka-vi-ar\/styrelsen-2015\/#breadcrumb"},"inLanguage":"sv-SE","potentialAction":[{"@type":"ReadAction","target":["https:\/\/magotarm.se\/vasterbottens-lansforening\/vilka-vi-ar\/styrelsen-2015\/"]}]},{"@type":"BreadcrumbList","@id":"https:\/\/magotarm.se\/vasterbottens-lansforening\/vilka-vi-ar\/styrelsen-2015\/#breadcrumb","itemListElement":[{"@type":"ListItem","position":1,"name":"Hem","item":"https:\/\/magotarm.se\/vasterbottens-lansforening\/"},{"@type":"ListItem","position":2,"name":"Vilka vi \u00e4r","item":"https:\/\/magotarm.se\/vasterbottens-lansforening\/vilka-vi-ar\/"},{"@type":"ListItem","position":3,"name":"Styrelsen 2017"}]},{"@type":"WebSite","@id":"https:\/\/magotarm.se\/vasterbottens-lansforening\/#website","url":"https:\/\/magotarm.se\/vasterbottens-lansforening\/","name":"Mag- och tarmf\u00f6reningen i V\u00e4sterbotten","description":"En till Mag- och tarmf\u00f6rbundets Webbplatser webbplats","potentialAction":[{"@type":"SearchAction","target":{"@type":"EntryPoint","urlTemplate":"https:\/\/magotarm.se\/vasterbottens-lansforening\/?s={search_term_string}"},"query-input":{"@type":"PropertyValueSpecification","valueRequired":true,"valueName":"search_term_string"}}],"inLanguage":"sv-SE"}]}},"_links":{"self":[{"href":"https:\/\/magotarm.se\/vasterbottens-lansforening\/wp-json\/wp\/v2\/pages\/100","targetHints":{"allow":["GET"]}}],"collection":[{"href":"https:\/\/magotarm.se\/vasterbottens-lansforening\/wp-json\/wp\/v2\/pages"}],"about":[{"href":"https:\/\/magotarm.se\/vasterbottens-lansforening\/wp-json\/wp\/v2\/types\/page"}],"author":[{"embeddable":true,"href":"https:\/\/magotarm.se\/vasterbottens-lansforening\/wp-json\/wp\/v2\/users\/28"}],"replies":[{"embeddable":true,"href":"https:\/\/magotarm.se\/vasterbottens-lansforening\/wp-json\/wp\/v2\/comments?post=100"}],"version-history":[{"count":4,"href":"https:\/\/magotarm.se\/vasterbottens-lansforening\/wp-json\/wp\/v2\/pages\/100\/revisions"}],"predecessor-version":[{"id":164,"href":"https:\/\/magotarm.se\/vasterbottens-lansforening\/wp-json\/wp\/v2\/pages\/100\/revisions\/164"}],"up":[{"embeddable":true,"href":"https:\/\/magotarm.se\/vasterbottens-lansforening\/wp-json\/wp\/v2\/pages\/15"}],"wp:attachment":[{"href":"https:\/\/magotarm.se\/vasterbottens-lansforening\/wp-json\/wp\/v2\/media?parent=100"}],"curies":[{"name":"wp","href":"https:\/\/api.w.org\/{rel}","templated":true}]}}