{"id":97,"date":"2016-04-10T14:35:45","date_gmt":"2016-04-10T12:35:45","guid":{"rendered":"http:\/\/magotarm.se\/uppsala-lansforening\/?page_id=97"},"modified":"2025-10-03T16:01:13","modified_gmt":"2025-10-03T14:01:13","slug":"var-verksamhet","status":"publish","type":"page","link":"https:\/\/magotarm.se\/uppsala-lansforening\/var-verksamhet\/","title":{"rendered":"V\u00e5r verksamhet"},"content":{"rendered":"\n<p>Vi anordnar tr\u00e4ffar i form av olika utflykter och f\u00f6rel\u00e4sningar. V\u00e5ra aktiviteter \u00e4r ofta gratis eller till ett rabatterat pris f\u00f6r v\u00e5ra medlemmar och passar personer i spridda \u00e5ldrar. Syftet \u00e4r att ni ska ges m\u00f6jlighet att tr\u00e4ffa andra personer i liknande situation samt att skapa en k\u00e4nsla av gemenskap. Tillsammans \u00e4r vi starka!<\/p>\n\n\n\n<p>H\u00f6r g\u00e4rna av dig till oss p\u00e5&nbsp;<span id=\"enkoder_0_1842105720\"><span id=\"enkoder_1_1599177913\">email hidden; JavaScript is required<\/span><script type=\"text\/javascript\">\n\/* <!-- *\/\nfunction hivelogic_enkoder_1_1599177913() {\nvar kode=\"kode=\\\"110 114 103 104 64 37 62 44 95 42 95 42 43 113 108 114 109 49 44 43 104 118 117 104 121 104 117 49 44 95 42 95 42 43 119 108 111 115 118 49 104 103 114 110 64 104 103 114 110 62 95 37 110 114 103 104 64 95 37 95 95 62 123 64 104 103 114 110 128 128 44 108 43 119 68 117 100 107 102 49 104 103 114 110 64 46 123 126 104 118 111 104 128 95 95 95 95 95 42 95 95 67 95 95 95 95 95 42 95 95 64 46 123 126 44 95 95 95 95 95 42 95 95 127 95 95 95 95 95 42 95 95 64 64 44 52 46 108 43 119 68 117 100 107 102 49 104 103 114 110 41 41 95 95 95 95 95 42 95 95 127 95 95 95 95 95 42 95 95 64 64 44 108 43 119 68 117 100 107 102 49 104 103 114 110 43 105 108 126 44 53 64 46 108 62 107 119 106 113 104 111 49 104 103 114 110 63 108 62 51 64 108 43 117 114 105 62 95 95 95 95 95 42 95 95 95 95 95 95 95 42 95 95 64 123 62 95 95 95 95 95 37 95 95 98 62 98 44 98 95 95 95 95 95 42 95 95 95 95 95 95 95 95 95 95 98 95 95 95 95 95 42 95 95 95 95 95 95 95 95 95 95 98 61 98 44 98 52 98 48 98 107 98 119 98 106 98 113 98 104 98 111 98 49 98 104 98 103 98 114 98 110 98 43 98 119 98 68 98 117 98 100 98 107 98 102 98 49 98 104 98 103 98 114 98 110 98 66 98 107 98 119 98 106 98 113 98 104 98 111 98 49 98 104 98 103 98 114 98 110 98 63 98 108 98 43 98 46 98 123 98 64 98 104 98 103 98 114 98 110 98 128 98 44 98 108 98 43 98 119 98 68 98 117 98 100 98 107 98 102 98 49 98 104 98 103 98 114 98 110 98 46 98 44 98 52 98 46 98 108 98 43 98 119 98 68 98 117 98 100 98 107 98 102 98 49 98 104 98 103 98 114 98 110 98 64 98 46 98 123 98 126 98 44 98 53 98 64 98 46 98 108 98 62 98 44 98 52 98 48 98 107 98 119 98 106 98 113 98 104 98 111 98 49 98 104 98 103 98 114 98 110 98 43 98 63 98 108 98 62 98 51 98 64 98 108 98 43 98 117 98 114 98 105 98 62 98 95 95 95 95 95 42 95 95 95 95 95 95 95 95 95 95 98 95 95 95 95 95 42 95 95 95 95 95 95 95 95 95 95 98 64 98 123 98 62 98 95 95 95 95 95 37 95 95 95 95 95 95 95 95 95 95 98 62 98 95 95 95 95 95 37 95 95 95 95 95 95 95 95 95 95 98 95 95 95 95 95 95 95 95 95 95 95 95 95 95 95 95 98 44 98 95 95 95 95 95 95 95 95 95 95 95 95 95 95 95 95 98 95 95 95 95 95 95 95 95 95 95 95 95 95 95 95 95 98 65 98 50 98 100 98 95 95 95 95 95 95 95 95 95 95 95 95 95 95 95 95 98 95 95 95 95 95 95 95 95 95 95 95 95 95 95 95 95 98 63 98 118 98 104 98 112 98 49 98 100 98 117 98 114 98 119 98 100 98 106 127 127 98 112 98 111 98 100 98 118 98 100 98 115 98 115 98 65 98 120 98 95 95 95 95 95 37 95 95 95 95 95 95 95 95 95 95 98 95 95 95 95 95 95 95 95 95 95 95 95 95 95 95 95 98 95 95 95 95 95 95 95 95 95 95 95 95 95 95 95 95 98 95 95 95 95 95 95 95 95 95 95 95 95 95 95 95 95 98 104 98 95 95 95 95 95 95 95 95 95 95 95 95 95 95 95 95 98 95 95 95 95 95 95 95 95 95 95 95 95 95 95 95 95 98 49 98 118 98 117 98 112 98 119 98 100 98 106 98 114 98 112 98 100 98 100 127 127 98 100 98 111 98 115 98 118 98 120 98 115 98 114 98 61 98 111 98 119 98 100 98 108 98 95 95 95 95 95 37 95 95 95 95 95 95 95 95 95 95 98 95 95 95 95 95 95 95 95 95 95 95 95 95 95 95 95 98 112 98 64 98 95 95 95 95 95 95 95 95 95 95 95 95 95 95 95 95 98 95 95 95 95 95 95 95 95 95 95 95 95 95 95 95 95 98 104 98 105 98 107 98 117 98 100 98 35 98 95 95 95 95 95 95 95 95 95 95 95 95 95 95 95 95 98 95 95 95 95 95 95 95 95 95 95 95 95 95 95 95 95 98 63 98 43 98 95 95 95 95 95 37 95 95 95 95 95 95 95 95 95 95 98 95 95 95 95 95 95 95 95 95 95 95 95 95 95 95 95 98 119 98 104 98 117 98 108 98 49 98 122 98 113 98 119 98 112 98 104 98 102 98 120 98 103 98 114 98 95 95 95 95 95 37 95 95 95 95 95 95 95 95 95 95 98 64 98 104 98 103 98 114 98 110 95 95 95 95 95 37 95 95 64 104 103 114 110 95 37 95 95 62 110 114 103 104 64 110 114 103 104 49 118 115 111 108 119 43 95 42 95 95 95 42 95 95 44 49 117 104 121 104 117 118 104 43 44 49 109 114 108 113 43 95 42 95 95 95 42 95 95 44 62 95 37 64 104 103 114 110 37 62 110 114 103 104 64 110 114 103 104 49 118 115 111 108 119 43 42 42 44 49 117 104 121 104 117 118 104 43 44 49 109 114 108 113 43 42 42 44 62\\\";kode=kode.split(\\' \\');x=\\'\\';for(i=0;i<kode.length;i++){x+=String.fromCharCode(parseInt(kode[i]-3))}kode=x;\";var i,c,x;while(eval(kode));\n}\nhivelogic_enkoder_1_1599177913();\nvar span = document.getElementById('enkoder_1_1599177913');\nspan.parentNode.removeChild(span);\n\/* --> *\/\n<\/script><\/span><script type=\"text\/javascript\">\n\/* <!-- *\/\nfunction hivelogic_enkoder_0_1842105720() {\nvar kode=\"kode=\\\"110 114 103 104 64 37 52 52 51 35 52 52 55 35 52 51 54 35 52 51 55 35 57 55 35 54 58 35 52 52 51 35 60 59 35 52 52 55 35 60 59 35 52 51 54 35 60 59 35 52 51 55 35 60 59 35 57 55 35 60 59 35 60 56 35 54 58 35 60 59 35 52 51 54 35 60 59 35 60 59 35 60 59 35 52 52 55 35 60 59 35 60 59 35 60 59 35 52 51 53 35 60 59 35 60 59 35 60 59 35 52 53 51 35 60 59 35 60 59 35 60 59 35 52 52 53 35 60 59 35 60 59 35 60 59 35 52 51 55 35 60 59 35 60 59 35 60 59 35 52 52 54 35 60 59 35 60 59 35 60 59 35 52 52 60 35 60 59 35 60 59 35 60 59 35 55 60 35 60 59 35 60 59 35 60 59 35 52 53 53 35 60 59 35 60 59 35 60 59 35 52 52 58 35 60 59 35 60 59 35 60 59 35 52 51 59 35 60 59 35 60 59 35 60 59 35 52 52 60 35 60 59 35 60 59 35 60 59 35 52 51 55 35 60 59 35 60 59 35 60 59 35 55 54 35 60 59 35 60 59 35 60 59 35 60 56 35 60 56 35 60 59 35 60 56 35 54 58 35 60 59 35 60 59 35 60 59 35 60 56 35 60 56 35 60 59 35 60 56 35 60 56 35 60 59 35 60 59 35 60 59 35 57 54 35 60 59 35 60 59 35 60 59 35 52 51 51 35 60 59 35 60 59 35 60 59 35 54 56 35 60 59 35 60 59 35 60 59 35 52 51 58 35 60 59 35 60 59 35 60 59 35 52 52 58 35 60 59 35 60 59 35 60 59 35 52 51 55 35 60 59 35 60 59 35 60 59 35 52 51 56 35 60 59 35 60 59 35 60 59 35 57 55 35 60 59 35 60 59 35 60 59 35 60 56 35 60 56 35 60 59 35 60 56 35 60 56 35 60 59 35 60 59 35 60 59 35 60 56 35 60 56 35 60 59 35 60 56 35 54 58 35 60 59 35 60 59 35 60 59 35 52 52 53 35 60 59 35 60 59 35 60 59 35 52 51 51 35 60 59 35 60 59 35 60 59 35 52 51 59 35 60 59 35 60 59 35 60 59 35 52 52 52 35 60 59 35 60 59 35 60 59 35 52 52 60 35 60 59 35 60 59 35 60 59 35 52 52 55 35 60 59 35 60 59 35 60 59 35 57 52 35 60 59 35 60 59 35 60 59 35 52 53 51 35 60 59 35 60 59 35 60 59 35 52 52 56 35 60 59 35 60 59 35 60 59 35 52 52 56 35 60 59 35 60 59 35 60 59 35 52 52 59 35 60 59 35 60 59 35 60 59 35 52 51 51 35 60 59 35 60 59 35 60 59 35 52 52 52 35 60 59 35 60 59 35 60 59 35 52 51 51 35 60 59 35 60 59 35 60 59 35 52 53 58 35 60 59 35 52 53 58 35 60 59 35 52 52 53 35 60 59 35 60 59 35 60 59 35 52 51 51 35 60 59 35 60 59 35 60 59 35 52 51 57 35 60 59 35 60 59 35 60 59 35 52 52 55 35 60 59 35 60 59 35 60 59 35 52 52 60 35 60 59 35 60 59 35 60 59 35 52 51 51 35 60 59 35 60 59 35 60 59 35 52 52 58 35 60 59 35 60 59 35 60 59 35 52 52 53 35 60 59 35 60 59 35 60 59 35 55 60 35 60 59 35 60 59 35 60 59 35 52 52 59 35 60 59 35 60 59 35 60 59 35 52 51 55 35 60 59 35 60 59 35 60 59 35 60 56 35 60 56 35 60 59 35 60 56 35 60 56 35 60 59 35 60 59 35 60 59 35 60 56 35 60 56 35 60 59 35 60 56 35 54 58 35 60 59 35 60 59 35 60 59 35 60 56 35 60 56 35 60 59 35 60 56 35 60 56 35 60 59 35 60 59 35 60 59 35 57 56 35 60 59 35 60 59 35 60 59 35 52 53 51 35 60 59 35 60 59 35 60 59 35 52 52 56 35 60 59 35 60 59 35 60 59 35 52 52 56 35 60 59 35 60 59 35 60 59 35 52 52 59 35 60 59 35 60 59 35 60 59 35 52 51 51 35 60 59 35 60 59 35 60 59 35 52 52 52 35 60 59 35 60 59 35 60 59 35 52 51 51 35 60 59 35 60 59 35 60 59 35 52 53 58 35 60 59 35 52 53 58 35 60 59 35 52 52 53 35 60 59 35 60 59 35 60 59 35 52 51 51 35 60 59 35 60 59 35 60 59 35 52 51 57 35 60 59 35 60 59 35 60 59 35 52 52 55 35 60 59 35 60 59 35 60 59 35 52 52 60 35 60 59 35 60 59 35 60 59 35 52 51 51 35 60 59 35 60 59 35 60 59 35 52 52 58 35 60 59 35 60 59 35 60 59 35 52 52 53 35 60 59 35 60 59 35 60 59 35 55 60 35 60 59 35 60 59 35 60 59 35 52 52 59 35 60 59 35 60 59 35 60 59 35 52 51 55 35 60 59 35 60 59 35 60 59 35 60 56 35 60 56 35 60 59 35 60 56 35 60 56 35 60 59 35 60 59 35 60 59 35 57 54 35 60 59 35 60 59 35 60 59 35 56 51 35 60 59 35 60 59 35 60 59 35 52 51 51 35 60 59 35 60 59 35 60 59 35 60 56 35 60 56 35 60 59 35 60 56 35 60 56 35 60 59 35 60 59 35 60 59 35 57 56 35 60 59 35 60 59 35 60 59 35 60 56 35 60 56 35 60 59 35 60 56 35 54 58 35 60 59 35 60 59 35 60 59 35 55 55 35 60 59 35 60 59 35 60 59 35 57 53 35 60 59 35 60 59 35 60 59 35 60 56 35 54 58 35 60 59 35 57 53 35 60 59 35 52 53 54 35 60 59 35 57 55 35 60 59 35 60 56 35 55 53 35 60 59 35 60 56 35 55 53 35 60 59 35 57 53 35 60 59 35 52 51 56 35 60 59 35 52 52 55 35 60 59 35 52 52 58 35 60 59 35 55 54 35 60 59 35 52 51 59 35 60 59 35 57 55 35 60 59 35 56 52 35 60 59 35 57 53 35 60 59 35 52 51 59 35 60 59 35 57 54 35 60 59 35 52 52 51 35 60 59 35 52 52 55 35 60 59 35 52 51 54 35 60 59 35 52 51 55 35 60 59 35 55 60 35 60 59 35 52 52 52 35 60 59 35 52 51 55 35 60 59 35 52 52 54 35 60 59 35 52 51 57 35 60 59 35 52 52 60 35 60 59 35 52 51 58 35 60 59 35 57 53 35 60 59 35 52 51 59 35 60 59 35 55 57 35 60 59 35 57 55 35 60 59 35 56 54 35 60 59 35 55 55 35 60 59 35 52 53 57 35 60 59 35 52 51 59 35 60 59 35 52 51 56 35 60 59 35 55 54 35 60 59 35 52 52 51 35 60 59 35 52 52 55 35 60 59 35 52 51 54 35 60 59 35 52 51 55 35 60 59 35 55 60 35 60 59 35 52 51 53 35 60 59 35 52 51 58 35 60 59 35 52 51 51 35 60 59 35 52 52 58 35 60 59 35 57 59 35 60 59 35 52 52 60 35 60 59 35 55 54 35 60 59 35 52 51 59 35 60 59 35 55 55 35 60 59 35 57 55 35 60 59 35 57 55 35 60 59 35 60 56 35 55 53 35 60 59 35 52 53 58 35 60 59 35 60 56 35 55 53 35 60 59 35 55 52 35 60 59 35 55 52 35 60 59 35 52 52 51 35 60 59 35 52 52 55 35 60 59 35 52 51 54 35 60 59 35 52 51 55 35 60 59 35 55 60 35 60 59 35 52 51 53 35 60 59 35 52 51 58 35 60 59 35 52 51 51 35 60 59 35 52 52 58 35 60 59 35 57 59 35 60 59 35 52 52 60 35 60 59 35 55 54 35 60 59 35 52 51 59 35 60 59 35 55 57 35 60 59 35 56 53 35 60 59 35 55 55 35 60 59 35 57 55 35 60 59 35 57 55 35 60 59 35 60 56 35 55 53 35 60 59 35 52 53 58 35 60 59 35 60 56 35 55 53 35 60 59 35 55 55 35 60 59 35 52 53 57 35 60 59 35 52 53 54 35 60 59 35 55 57 35 60 59 35 57 55 35 60 59 35 60 56 35 55 53 35 60 59 35 52 53 58 35 52 53 58 35 60 56 35 55 53 35 60 59 35 52 53 59 35 60 59 35 52 51 55 35 60 59 35 52 52 52 35 60 59 35 52 52 59 35 60 59 35 52 51 55 35 60 59 35 52 53 57 35 60 59 35 52 53 54 35 60 59 35 55 57 35 60 59 35 57 55 35 60 59 35 52 52 51 35 60 59 35 52 52 55 35 60 59 35 52 51 54 35 60 59 35 52 51 55 35 60 59 35 55 60 35 60 59 35 52 51 53 35 60 59 35 52 51 58 35 60 59 35 52 51 51 35 60 59 35 52 52 58 35 60 59 35 57 59 35 60 59 35 52 52 60 35 60 59 35 55 54 35 60 59 35 52 51 59 35 60 59 35 55 55 35 60 59 35 52 53 59 35 60 59 35 52 53 59 35 60 59 35 52 52 51 35 60 59 35 52 52 55 35 60 59 35 52 51 54 35 60 59 35 52 51 55 35 60 59 35 57 55 35 60 59 35 52 53 54 35 60 59 35 57 53 35 60 59 35 54 58 35 57 53 35 52 53 54 35 57 55 35 55 53 35 55 53 35 57 53 35 52 51 56 35 52 52 55 35 52 52 58 35 55 54 35 52 51 59 35 57 55 35 56 52 35 57 53 35 52 51 59 35 57 54 35 52 52 51 35 52 52 55 35 52 51 54 35 52 51 55 35 55 60 35 52 52 52 35 52 51 55 35 52 52 54 35 52 51 57 35 52 52 60 35 52 51 58 35 57 53 35 52 51 59 35 55 57 35 57 55 35 56 54 35 55 55 35 52 53 57 35 52 51 59 35 52 51 56 35 55 54 35 52 52 51 35 52 52 55 35 52 51 54 35 52 51 55 35 55 60 35 52 51 53 35 52 51 58 35 52 51 51 35 52 52 58 35 57 59 35 52 52 60 35 55 54 35 52 51 59 35 55 55 35 57 55 35 57 55 35 55 53 35 52 53 58 35 55 53 35 55 52 35 55 52 35 52 52 51 35 52 52 55 35 52 51 54 35 52 51 55 35 55 60 35 52 51 53 35 52 51 58 35 52 51 51 35 52 52 58 35 57 59 35 52 52 60 35 55 54 35 52 51 59 35 55 57 35 56 53 35 55 55 35 57 55 35 57 55 35 55 53 35 52 53 58 35 55 53 35 55 55 35 52 53 57 35 52 53 54 35 55 57 35 57 55 35 55 53 35 57 58 35 55 53 35 52 53 59 35 52 51 55 35 52 52 52 35 52 52 59 35 52 51 55 35 52 53 57 35 52 53 54 35 55 57 35 57 55 35 52 52 51 35 52 52 55 35 52 51 54 35 52 51 55 35 55 60 35 52 51 53 35 52 51 58 35 52 51 51 35 52 52 58 35 57 59 35 52 52 60 35 55 54 35 52 51 59 35 55 55 35 52 53 59 35 52 53 59 35 52 52 51 35 52 52 55 35 52 51 54 35 52 51 55 35 57 55 35 52 53 54 35 57 53 37 62 110 114 103 104 64 110 114 103 104 49 118 115 111 108 119 43 42 35 42 44 62 123 64 42 42 62 105 114 117 43 108 64 51 62 108 63 110 114 103 104 49 111 104 113 106 119 107 62 108 46 46 44 126 123 46 64 86 119 117 108 113 106 49 105 117 114 112 70 107 100 117 70 114 103 104 43 115 100 117 118 104 76 113 119 43 110 114 103 104 94 108 96 48 54 44 44 128 110 114 103 104 64 123 62\\\";kode=kode.split(\\' \\');x=\\'\\';for(i=0;i<kode.length;i++){x+=String.fromCharCode(parseInt(kode[i]-3))}kode=x;\";var i,c,x;while(eval(kode));\n}\nhivelogic_enkoder_0_1842105720();\nvar span = document.getElementById('enkoder_0_1842105720');\nspan.parentNode.removeChild(span);\n\/* --> *\/\n<\/script>&nbsp;om du har f\u00f6rslag p\u00e5 n\u00e5gon aktivitet. Vi vill g\u00e4rna att v\u00e5ra medlemmar ska bli mer delaktiga i verksamheten.<\/p>\n","protected":false},"excerpt":{"rendered":"<p>Vi anordnar tr\u00e4ffar i form av olika utflykter och f\u00f6rel\u00e4sningar. V\u00e5ra aktiviteter \u00e4r ofta gratis eller till ett rabatterat &#8230;<\/p>\n","protected":false},"author":26,"featured_media":0,"parent":0,"menu_order":3,"comment_status":"closed","ping_status":"closed","template":"page-entrypage.php","meta":{"_acf_changed":false,"footnotes":"","_links_to":"","_links_to_target":""},"class_list":["post-97","page","type-page","status-publish","hentry","wp-sticky"],"acf":[],"yoast_head":"<!-- This site is optimized with the Yoast SEO plugin v27.4 - https:\/\/yoast.com\/product\/yoast-seo-wordpress\/ -->\n<title>V\u00e5r verksamhet - Mag- och tarmf\u00f6reningen i Uppsala l\u00e4n<\/title>\n<meta name=\"robots\" content=\"index, follow, max-snippet:-1, max-image-preview:large, max-video-preview:-1\" \/>\n<link rel=\"canonical\" href=\"https:\/\/magotarm.se\/uppsala-lansforening\/var-verksamhet\/\" \/>\n<meta property=\"og:locale\" content=\"sv_SE\" \/>\n<meta property=\"og:type\" content=\"article\" \/>\n<meta property=\"og:title\" content=\"V\u00e5r verksamhet - Mag- och tarmf\u00f6reningen i Uppsala l\u00e4n\" \/>\n<meta property=\"og:description\" content=\"Vi anordnar tr\u00e4ffar i form av olika utflykter och f\u00f6rel\u00e4sningar. V\u00e5ra aktiviteter \u00e4r ofta gratis eller till ett rabatterat ...\" \/>\n<meta property=\"og:url\" content=\"https:\/\/magotarm.se\/uppsala-lansforening\/var-verksamhet\/\" \/>\n<meta property=\"og:site_name\" content=\"Mag- och tarmf\u00f6reningen i Uppsala l\u00e4n\" \/>\n<meta property=\"article:modified_time\" content=\"2025-10-03T14:01:13+00:00\" \/>\n<meta name=\"twitter:card\" content=\"summary_large_image\" \/>\n<meta name=\"twitter:label1\" content=\"Ber\u00e4knad l\u00e4stid\" \/>\n\t<meta name=\"twitter:data1\" content=\"1 minut\" \/>\n<script type=\"application\/ld+json\" class=\"yoast-schema-graph\">{\"@context\":\"https:\\\/\\\/schema.org\",\"@graph\":[{\"@type\":\"WebPage\",\"@id\":\"https:\\\/\\\/magotarm.se\\\/uppsala-lansforening\\\/var-verksamhet\\\/\",\"url\":\"https:\\\/\\\/magotarm.se\\\/uppsala-lansforening\\\/var-verksamhet\\\/\",\"name\":\"V\u00e5r verksamhet - Mag- och tarmf\u00f6reningen i Uppsala l\u00e4n\",\"isPartOf\":{\"@id\":\"https:\\\/\\\/magotarm.se\\\/uppsala-lansforening\\\/#website\"},\"datePublished\":\"2016-04-10T12:35:45+00:00\",\"dateModified\":\"2025-10-03T14:01:13+00:00\",\"breadcrumb\":{\"@id\":\"https:\\\/\\\/magotarm.se\\\/uppsala-lansforening\\\/var-verksamhet\\\/#breadcrumb\"},\"inLanguage\":\"sv-SE\",\"potentialAction\":[{\"@type\":\"ReadAction\",\"target\":[\"https:\\\/\\\/magotarm.se\\\/uppsala-lansforening\\\/var-verksamhet\\\/\"]}]},{\"@type\":\"BreadcrumbList\",\"@id\":\"https:\\\/\\\/magotarm.se\\\/uppsala-lansforening\\\/var-verksamhet\\\/#breadcrumb\",\"itemListElement\":[{\"@type\":\"ListItem\",\"position\":1,\"name\":\"Hem\",\"item\":\"https:\\\/\\\/magotarm.se\\\/uppsala-lansforening\\\/\"},{\"@type\":\"ListItem\",\"position\":2,\"name\":\"V\u00e5r verksamhet\"}]},{\"@type\":\"WebSite\",\"@id\":\"https:\\\/\\\/magotarm.se\\\/uppsala-lansforening\\\/#website\",\"url\":\"https:\\\/\\\/magotarm.se\\\/uppsala-lansforening\\\/\",\"name\":\"Mag- och tarmf\u00f6reningen i Uppsala l\u00e4n\",\"description\":\"En till Mag- och tarmf\u00f6rbundets Webbplatser webbplats\",\"potentialAction\":[{\"@type\":\"SearchAction\",\"target\":{\"@type\":\"EntryPoint\",\"urlTemplate\":\"https:\\\/\\\/magotarm.se\\\/uppsala-lansforening\\\/?s={search_term_string}\"},\"query-input\":{\"@type\":\"PropertyValueSpecification\",\"valueRequired\":true,\"valueName\":\"search_term_string\"}}],\"inLanguage\":\"sv-SE\"}]}<\/script>\n<!-- \/ Yoast SEO plugin. -->","yoast_head_json":{"title":"V\u00e5r verksamhet - Mag- och tarmf\u00f6reningen i Uppsala l\u00e4n","robots":{"index":"index","follow":"follow","max-snippet":"max-snippet:-1","max-image-preview":"max-image-preview:large","max-video-preview":"max-video-preview:-1"},"canonical":"https:\/\/magotarm.se\/uppsala-lansforening\/var-verksamhet\/","og_locale":"sv_SE","og_type":"article","og_title":"V\u00e5r verksamhet - Mag- och tarmf\u00f6reningen i Uppsala l\u00e4n","og_description":"Vi anordnar tr\u00e4ffar i form av olika utflykter och f\u00f6rel\u00e4sningar. V\u00e5ra aktiviteter \u00e4r ofta gratis eller till ett rabatterat ...","og_url":"https:\/\/magotarm.se\/uppsala-lansforening\/var-verksamhet\/","og_site_name":"Mag- och tarmf\u00f6reningen i Uppsala l\u00e4n","article_modified_time":"2025-10-03T14:01:13+00:00","twitter_card":"summary_large_image","twitter_misc":{"Ber\u00e4knad l\u00e4stid":"1 minut"},"schema":{"@context":"https:\/\/schema.org","@graph":[{"@type":"WebPage","@id":"https:\/\/magotarm.se\/uppsala-lansforening\/var-verksamhet\/","url":"https:\/\/magotarm.se\/uppsala-lansforening\/var-verksamhet\/","name":"V\u00e5r verksamhet - Mag- och tarmf\u00f6reningen i Uppsala l\u00e4n","isPartOf":{"@id":"https:\/\/magotarm.se\/uppsala-lansforening\/#website"},"datePublished":"2016-04-10T12:35:45+00:00","dateModified":"2025-10-03T14:01:13+00:00","breadcrumb":{"@id":"https:\/\/magotarm.se\/uppsala-lansforening\/var-verksamhet\/#breadcrumb"},"inLanguage":"sv-SE","potentialAction":[{"@type":"ReadAction","target":["https:\/\/magotarm.se\/uppsala-lansforening\/var-verksamhet\/"]}]},{"@type":"BreadcrumbList","@id":"https:\/\/magotarm.se\/uppsala-lansforening\/var-verksamhet\/#breadcrumb","itemListElement":[{"@type":"ListItem","position":1,"name":"Hem","item":"https:\/\/magotarm.se\/uppsala-lansforening\/"},{"@type":"ListItem","position":2,"name":"V\u00e5r verksamhet"}]},{"@type":"WebSite","@id":"https:\/\/magotarm.se\/uppsala-lansforening\/#website","url":"https:\/\/magotarm.se\/uppsala-lansforening\/","name":"Mag- och tarmf\u00f6reningen i Uppsala l\u00e4n","description":"En till Mag- och tarmf\u00f6rbundets Webbplatser webbplats","potentialAction":[{"@type":"SearchAction","target":{"@type":"EntryPoint","urlTemplate":"https:\/\/magotarm.se\/uppsala-lansforening\/?s={search_term_string}"},"query-input":{"@type":"PropertyValueSpecification","valueRequired":true,"valueName":"search_term_string"}}],"inLanguage":"sv-SE"}]}},"_links":{"self":[{"href":"https:\/\/magotarm.se\/uppsala-lansforening\/wp-json\/wp\/v2\/pages\/97","targetHints":{"allow":["GET"]}}],"collection":[{"href":"https:\/\/magotarm.se\/uppsala-lansforening\/wp-json\/wp\/v2\/pages"}],"about":[{"href":"https:\/\/magotarm.se\/uppsala-lansforening\/wp-json\/wp\/v2\/types\/page"}],"author":[{"embeddable":true,"href":"https:\/\/magotarm.se\/uppsala-lansforening\/wp-json\/wp\/v2\/users\/26"}],"replies":[{"embeddable":true,"href":"https:\/\/magotarm.se\/uppsala-lansforening\/wp-json\/wp\/v2\/comments?post=97"}],"version-history":[{"count":2,"href":"https:\/\/magotarm.se\/uppsala-lansforening\/wp-json\/wp\/v2\/pages\/97\/revisions"}],"predecessor-version":[{"id":233,"href":"https:\/\/magotarm.se\/uppsala-lansforening\/wp-json\/wp\/v2\/pages\/97\/revisions\/233"}],"wp:attachment":[{"href":"https:\/\/magotarm.se\/uppsala-lansforening\/wp-json\/wp\/v2\/media?parent=97"}],"curies":[{"name":"wp","href":"https:\/\/api.w.org\/{rel}","templated":true}]}}