{"id":823,"date":"2020-09-24T20:36:29","date_gmt":"2020-09-24T18:36:29","guid":{"rendered":"https:\/\/magotarm.se\/stockholms-lansforening\/?page_id=823"},"modified":"2024-04-12T10:42:49","modified_gmt":"2024-04-12T08:42:49","slug":"marie-lindh","status":"publish","type":"page","link":"https:\/\/magotarm.se\/stockholms-lansforening\/om-oss\/styrelsen\/marie-lindh\/","title":{"rendered":"Marie Lindh"},"content":{"rendered":"<div><span style=\"color: #000000\"><span class=\"term-highlighted\">Marie<\/span> har arbetat som ingenj\u00f6r, men \u00e4r numera pensionerad. Hon vill arbeta f\u00f6r att mag- och tarmsjuka ska kunna leva ett bra liv trots sin sjukdom. Hon \u00e4lskar kultur i olika former och anser att det kan bidra till \u00f6kat v\u00e4lbefinnande.<br \/>\n<\/span><\/div>\n","protected":false},"excerpt":{"rendered":"<p>Marie har arbetat som ingenj\u00f6r, men \u00e4r numera pensionerad. Hon vill arbeta f\u00f6r att mag- och tarmsjuka ska kunna &#8230;<\/p>\n","protected":false},"author":24,"featured_media":1479,"parent":63,"menu_order":1,"comment_status":"closed","ping_status":"closed","template":"page-contact-person.php","meta":{"_acf_changed":false,"footnotes":"","_links_to":"","_links_to_target":""},"class_list":["post-823","page","type-page","status-publish","has-post-thumbnail","hentry","wp-sticky"],"acf":[],"yoast_head":"<!-- This site is optimized with the Yoast SEO plugin v27.5 - https:\/\/yoast.com\/product\/yoast-seo-wordpress\/ -->\n<title>Marie Lindh - Mag- och tarmf\u00f6reningen i Stockholms l\u00e4n<\/title>\n<meta name=\"description\" content=\"Vice ordf\u00f6rande i Mag- och tarmf\u00f6reningen i Stockholms l\u00e4n och ledare till f\u00f6reningens kulturgrupp Magenta.\" \/>\n<meta name=\"robots\" content=\"index, follow, max-snippet:-1, max-image-preview:large, max-video-preview:-1\" \/>\n<link rel=\"canonical\" href=\"https:\/\/magotarm.se\/stockholms-lansforening\/om-oss\/styrelsen\/marie-lindh\/\" \/>\n<meta property=\"og:locale\" content=\"sv_SE\" \/>\n<meta property=\"og:type\" content=\"article\" \/>\n<meta property=\"og:title\" content=\"Marie Lindh - Mag- och tarmf\u00f6reningen i Stockholms l\u00e4n\" \/>\n<meta property=\"og:description\" content=\"Vice ordf\u00f6rande i Mag- och tarmf\u00f6reningen i Stockholms l\u00e4n och ledare till f\u00f6reningens kulturgrupp Magenta.\" \/>\n<meta property=\"og:url\" content=\"https:\/\/magotarm.se\/stockholms-lansforening\/om-oss\/styrelsen\/marie-lindh\/\" \/>\n<meta property=\"og:site_name\" content=\"Mag- och tarmf\u00f6reningen i Stockholms l\u00e4n\" \/>\n<meta property=\"article:modified_time\" content=\"2024-04-12T08:42:49+00:00\" \/>\n<meta property=\"og:image\" content=\"https:\/\/magotarm.se\/stockholms-lansforening\/wp-content\/uploads\/sites\/19\/2024\/04\/IMG_4884-8-Edited-scaled.jpg\" \/>\n\t<meta property=\"og:image:width\" content=\"2048\" \/>\n\t<meta property=\"og:image:height\" content=\"2560\" \/>\n\t<meta property=\"og:image:type\" content=\"image\/jpeg\" \/>\n<meta name=\"twitter:card\" content=\"summary_large_image\" \/>\n<meta name=\"twitter:label1\" content=\"Ber\u00e4knad l\u00e4stid\" \/>\n\t<meta name=\"twitter:data1\" content=\"1 minut\" \/>\n<script type=\"application\/ld+json\" class=\"yoast-schema-graph\">{\"@context\":\"https:\\\/\\\/schema.org\",\"@graph\":[{\"@type\":\"WebPage\",\"@id\":\"https:\\\/\\\/magotarm.se\\\/stockholms-lansforening\\\/om-oss\\\/styrelsen\\\/marie-lindh\\\/\",\"url\":\"https:\\\/\\\/magotarm.se\\\/stockholms-lansforening\\\/om-oss\\\/styrelsen\\\/marie-lindh\\\/\",\"name\":\"Marie Lindh - Mag- och tarmf\u00f6reningen i Stockholms l\u00e4n\",\"isPartOf\":{\"@id\":\"https:\\\/\\\/magotarm.se\\\/stockholms-lansforening\\\/#website\"},\"primaryImageOfPage\":{\"@id\":\"https:\\\/\\\/magotarm.se\\\/stockholms-lansforening\\\/om-oss\\\/styrelsen\\\/marie-lindh\\\/#primaryimage\"},\"image\":{\"@id\":\"https:\\\/\\\/magotarm.se\\\/stockholms-lansforening\\\/om-oss\\\/styrelsen\\\/marie-lindh\\\/#primaryimage\"},\"thumbnailUrl\":\"https:\\\/\\\/magotarm.se\\\/stockholms-lansforening\\\/wp-content\\\/uploads\\\/sites\\\/19\\\/2024\\\/04\\\/IMG_4884-8-Edited-scaled.jpg\",\"datePublished\":\"2020-09-24T18:36:29+00:00\",\"dateModified\":\"2024-04-12T08:42:49+00:00\",\"description\":\"Vice ordf\u00f6rande i Mag- och tarmf\u00f6reningen i Stockholms l\u00e4n och ledare till f\u00f6reningens kulturgrupp Magenta.\",\"breadcrumb\":{\"@id\":\"https:\\\/\\\/magotarm.se\\\/stockholms-lansforening\\\/om-oss\\\/styrelsen\\\/marie-lindh\\\/#breadcrumb\"},\"inLanguage\":\"sv-SE\",\"potentialAction\":[{\"@type\":\"ReadAction\",\"target\":[\"https:\\\/\\\/magotarm.se\\\/stockholms-lansforening\\\/om-oss\\\/styrelsen\\\/marie-lindh\\\/\"]}]},{\"@type\":\"ImageObject\",\"inLanguage\":\"sv-SE\",\"@id\":\"https:\\\/\\\/magotarm.se\\\/stockholms-lansforening\\\/om-oss\\\/styrelsen\\\/marie-lindh\\\/#primaryimage\",\"url\":\"https:\\\/\\\/magotarm.se\\\/stockholms-lansforening\\\/wp-content\\\/uploads\\\/sites\\\/19\\\/2024\\\/04\\\/IMG_4884-8-Edited-scaled.jpg\",\"contentUrl\":\"https:\\\/\\\/magotarm.se\\\/stockholms-lansforening\\\/wp-content\\\/uploads\\\/sites\\\/19\\\/2024\\\/04\\\/IMG_4884-8-Edited-scaled.jpg\",\"width\":2048,\"height\":2560},{\"@type\":\"BreadcrumbList\",\"@id\":\"https:\\\/\\\/magotarm.se\\\/stockholms-lansforening\\\/om-oss\\\/styrelsen\\\/marie-lindh\\\/#breadcrumb\",\"itemListElement\":[{\"@type\":\"ListItem\",\"position\":1,\"name\":\"Hem\",\"item\":\"https:\\\/\\\/magotarm.se\\\/stockholms-lansforening\\\/\"},{\"@type\":\"ListItem\",\"position\":2,\"name\":\"Om oss\",\"item\":\"https:\\\/\\\/magotarm.se\\\/stockholms-lansforening\\\/om-oss\\\/\"},{\"@type\":\"ListItem\",\"position\":3,\"name\":\"Styrelsen\",\"item\":\"https:\\\/\\\/magotarm.se\\\/stockholms-lansforening\\\/om-oss\\\/styrelsen\\\/\"},{\"@type\":\"ListItem\",\"position\":4,\"name\":\"Marie Lindh\"}]},{\"@type\":\"WebSite\",\"@id\":\"https:\\\/\\\/magotarm.se\\\/stockholms-lansforening\\\/#website\",\"url\":\"https:\\\/\\\/magotarm.se\\\/stockholms-lansforening\\\/\",\"name\":\"Mag- och tarmf\u00f6reningen i Stockholms l\u00e4n\",\"description\":\"En till Mag- och tarmf\u00f6rbundets Webbplatser webbplats\",\"potentialAction\":[{\"@type\":\"SearchAction\",\"target\":{\"@type\":\"EntryPoint\",\"urlTemplate\":\"https:\\\/\\\/magotarm.se\\\/stockholms-lansforening\\\/?s={search_term_string}\"},\"query-input\":{\"@type\":\"PropertyValueSpecification\",\"valueRequired\":true,\"valueName\":\"search_term_string\"}}],\"inLanguage\":\"sv-SE\"}]}<\/script>\n<!-- \/ Yoast SEO plugin. -->","yoast_head_json":{"title":"Marie Lindh - Mag- och tarmf\u00f6reningen i Stockholms l\u00e4n","description":"Vice ordf\u00f6rande i Mag- och tarmf\u00f6reningen i Stockholms l\u00e4n och ledare till f\u00f6reningens kulturgrupp Magenta.","robots":{"index":"index","follow":"follow","max-snippet":"max-snippet:-1","max-image-preview":"max-image-preview:large","max-video-preview":"max-video-preview:-1"},"canonical":"https:\/\/magotarm.se\/stockholms-lansforening\/om-oss\/styrelsen\/marie-lindh\/","og_locale":"sv_SE","og_type":"article","og_title":"Marie Lindh - Mag- och tarmf\u00f6reningen i Stockholms l\u00e4n","og_description":"Vice ordf\u00f6rande i Mag- och tarmf\u00f6reningen i Stockholms l\u00e4n och ledare till f\u00f6reningens kulturgrupp Magenta.","og_url":"https:\/\/magotarm.se\/stockholms-lansforening\/om-oss\/styrelsen\/marie-lindh\/","og_site_name":"Mag- och tarmf\u00f6reningen i Stockholms l\u00e4n","article_modified_time":"2024-04-12T08:42:49+00:00","og_image":[{"width":2048,"height":2560,"url":"https:\/\/magotarm.se\/stockholms-lansforening\/wp-content\/uploads\/sites\/19\/2024\/04\/IMG_4884-8-Edited-scaled.jpg","type":"image\/jpeg"}],"twitter_card":"summary_large_image","twitter_misc":{"Ber\u00e4knad l\u00e4stid":"1 minut"},"schema":{"@context":"https:\/\/schema.org","@graph":[{"@type":"WebPage","@id":"https:\/\/magotarm.se\/stockholms-lansforening\/om-oss\/styrelsen\/marie-lindh\/","url":"https:\/\/magotarm.se\/stockholms-lansforening\/om-oss\/styrelsen\/marie-lindh\/","name":"Marie Lindh - Mag- och tarmf\u00f6reningen i Stockholms l\u00e4n","isPartOf":{"@id":"https:\/\/magotarm.se\/stockholms-lansforening\/#website"},"primaryImageOfPage":{"@id":"https:\/\/magotarm.se\/stockholms-lansforening\/om-oss\/styrelsen\/marie-lindh\/#primaryimage"},"image":{"@id":"https:\/\/magotarm.se\/stockholms-lansforening\/om-oss\/styrelsen\/marie-lindh\/#primaryimage"},"thumbnailUrl":"https:\/\/magotarm.se\/stockholms-lansforening\/wp-content\/uploads\/sites\/19\/2024\/04\/IMG_4884-8-Edited-scaled.jpg","datePublished":"2020-09-24T18:36:29+00:00","dateModified":"2024-04-12T08:42:49+00:00","description":"Vice ordf\u00f6rande i Mag- och tarmf\u00f6reningen i Stockholms l\u00e4n och ledare till f\u00f6reningens kulturgrupp Magenta.","breadcrumb":{"@id":"https:\/\/magotarm.se\/stockholms-lansforening\/om-oss\/styrelsen\/marie-lindh\/#breadcrumb"},"inLanguage":"sv-SE","potentialAction":[{"@type":"ReadAction","target":["https:\/\/magotarm.se\/stockholms-lansforening\/om-oss\/styrelsen\/marie-lindh\/"]}]},{"@type":"ImageObject","inLanguage":"sv-SE","@id":"https:\/\/magotarm.se\/stockholms-lansforening\/om-oss\/styrelsen\/marie-lindh\/#primaryimage","url":"https:\/\/magotarm.se\/stockholms-lansforening\/wp-content\/uploads\/sites\/19\/2024\/04\/IMG_4884-8-Edited-scaled.jpg","contentUrl":"https:\/\/magotarm.se\/stockholms-lansforening\/wp-content\/uploads\/sites\/19\/2024\/04\/IMG_4884-8-Edited-scaled.jpg","width":2048,"height":2560},{"@type":"BreadcrumbList","@id":"https:\/\/magotarm.se\/stockholms-lansforening\/om-oss\/styrelsen\/marie-lindh\/#breadcrumb","itemListElement":[{"@type":"ListItem","position":1,"name":"Hem","item":"https:\/\/magotarm.se\/stockholms-lansforening\/"},{"@type":"ListItem","position":2,"name":"Om oss","item":"https:\/\/magotarm.se\/stockholms-lansforening\/om-oss\/"},{"@type":"ListItem","position":3,"name":"Styrelsen","item":"https:\/\/magotarm.se\/stockholms-lansforening\/om-oss\/styrelsen\/"},{"@type":"ListItem","position":4,"name":"Marie Lindh"}]},{"@type":"WebSite","@id":"https:\/\/magotarm.se\/stockholms-lansforening\/#website","url":"https:\/\/magotarm.se\/stockholms-lansforening\/","name":"Mag- och tarmf\u00f6reningen i Stockholms l\u00e4n","description":"En till Mag- och tarmf\u00f6rbundets Webbplatser webbplats","potentialAction":[{"@type":"SearchAction","target":{"@type":"EntryPoint","urlTemplate":"https:\/\/magotarm.se\/stockholms-lansforening\/?s={search_term_string}"},"query-input":{"@type":"PropertyValueSpecification","valueRequired":true,"valueName":"search_term_string"}}],"inLanguage":"sv-SE"}]}},"_links":{"self":[{"href":"https:\/\/magotarm.se\/stockholms-lansforening\/wp-json\/wp\/v2\/pages\/823","targetHints":{"allow":["GET"]}}],"collection":[{"href":"https:\/\/magotarm.se\/stockholms-lansforening\/wp-json\/wp\/v2\/pages"}],"about":[{"href":"https:\/\/magotarm.se\/stockholms-lansforening\/wp-json\/wp\/v2\/types\/page"}],"author":[{"embeddable":true,"href":"https:\/\/magotarm.se\/stockholms-lansforening\/wp-json\/wp\/v2\/users\/24"}],"replies":[{"embeddable":true,"href":"https:\/\/magotarm.se\/stockholms-lansforening\/wp-json\/wp\/v2\/comments?post=823"}],"version-history":[{"count":10,"href":"https:\/\/magotarm.se\/stockholms-lansforening\/wp-json\/wp\/v2\/pages\/823\/revisions"}],"predecessor-version":[{"id":1440,"href":"https:\/\/magotarm.se\/stockholms-lansforening\/wp-json\/wp\/v2\/pages\/823\/revisions\/1440"}],"up":[{"embeddable":true,"href":"https:\/\/magotarm.se\/stockholms-lansforening\/wp-json\/wp\/v2\/pages\/63"}],"wp:featuredmedia":[{"embeddable":true,"href":"https:\/\/magotarm.se\/stockholms-lansforening\/wp-json\/wp\/v2\/media\/1479"}],"wp:attachment":[{"href":"https:\/\/magotarm.se\/stockholms-lansforening\/wp-json\/wp\/v2\/media?parent=823"}],"curies":[{"name":"wp","href":"https:\/\/api.w.org\/{rel}","templated":true}]}}

<div><span style="color: #000000"><span class="term-highlighted">Marie</span> har arbetat som ingenjör, men är numera pensionerad. Hon vill arbeta för att mag- och tarmsjuka ska kunna leva ett bra liv trots sin sjukdom. Hon älskar kultur i olika former och anser att det kan bidra till ökat välbefinnande.<br />
</span></div>

<p>Marie har arbetat som ingenjör, men är numera pensionerad. Hon vill arbeta för att mag- och tarmsjuka ska kunna &#8230;</p>

<!-- This site is optimized with the Yoast SEO plugin v27.5 - https://yoast.com/product/yoast-seo-wordpress/ -->
<title>Marie Lindh - Mag- och tarmföreningen i Stockholms län</title>
<meta name="description" content="Vice ordförande i Mag- och tarmföreningen i Stockholms län och ledare till föreningens kulturgrupp Magenta." />
<meta name="robots" content="index, follow, max-snippet:-1, max-image-preview:large, max-video-preview:-1" />
<link rel="canonical" href="https://magotarm.se/stockholms-lansforening/om-oss/styrelsen/marie-lindh/" />
<meta property="og:locale" content="sv_SE" />
<meta property="og:type" content="article" />
<meta property="og:title" content="Marie Lindh - Mag- och tarmföreningen i Stockholms län" />
<meta property="og:description" content="Vice ordförande i Mag- och tarmföreningen i Stockholms län och ledare till föreningens kulturgrupp Magenta." />
<meta property="og:url" content="https://magotarm.se/stockholms-lansforening/om-oss/styrelsen/marie-lindh/" />
<meta property="og:site_name" content="Mag- och tarmföreningen i Stockholms län" />
<meta property="article:modified_time" content="2024-04-12T08:42:49+00:00" />
<meta property="og:image" content="https://magotarm.se/stockholms-lansforening/wp-content/uploads/sites/19/2024/04/IMG_4884-8-Edited-scaled.jpg" />
	<meta property="og:image:width" content="2048" />
	<meta property="og:image:height" content="2560" />
	<meta property="og:image:type" content="image/jpeg" />
<meta name="twitter:card" content="summary_large_image" />
<meta name="twitter:label1" content="Beräknad lästid" />
	<meta name="twitter:data1" content="1 minut" />
<script type="application/ld+json" class="yoast-schema-graph">{"@context":"https:\/\/schema.org","@graph":[{"@type":"WebPage","@id":"https:\/\/magotarm.se\/stockholms-lansforening\/om-oss\/styrelsen\/marie-lindh\/","url":"https:\/\/magotarm.se\/stockholms-lansforening\/om-oss\/styrelsen\/marie-lindh\/","name":"Marie Lindh - Mag- och tarmföreningen i Stockholms län","isPartOf":{"@id":"https:\/\/magotarm.se\/stockholms-lansforening\/#website"},"primaryImageOfPage":{"@id":"https:\/\/magotarm.se\/stockholms-lansforening\/om-oss\/styrelsen\/marie-lindh\/#primaryimage"},"image":{"@id":"https:\/\/magotarm.se\/stockholms-lansforening\/om-oss\/styrelsen\/marie-lindh\/#primaryimage"},"thumbnailUrl":"https:\/\/magotarm.se\/stockholms-lansforening\/wp-content\/uploads\/sites\/19\/2024\/04\/IMG_4884-8-Edited-scaled.jpg","datePublished":"2020-09-24T18:36:29+00:00","dateModified":"2024-04-12T08:42:49+00:00","description":"Vice ordförande i Mag- och tarmföreningen i Stockholms län och ledare till föreningens kulturgrupp Magenta.","breadcrumb":{"@id":"https:\/\/magotarm.se\/stockholms-lansforening\/om-oss\/styrelsen\/marie-lindh\/#breadcrumb"},"inLanguage":"sv-SE","potentialAction":[{"@type":"ReadAction","target":["https:\/\/magotarm.se\/stockholms-lansforening\/om-oss\/styrelsen\/marie-lindh\/"]}]},{"@type":"ImageObject","inLanguage":"sv-SE","@id":"https:\/\/magotarm.se\/stockholms-lansforening\/om-oss\/styrelsen\/marie-lindh\/#primaryimage","url":"https:\/\/magotarm.se\/stockholms-lansforening\/wp-content\/uploads\/sites\/19\/2024\/04\/IMG_4884-8-Edited-scaled.jpg","contentUrl":"https:\/\/magotarm.se\/stockholms-lansforening\/wp-content\/uploads\/sites\/19\/2024\/04\/IMG_4884-8-Edited-scaled.jpg","width":2048,"height":2560},{"@type":"BreadcrumbList","@id":"https:\/\/magotarm.se\/stockholms-lansforening\/om-oss\/styrelsen\/marie-lindh\/#breadcrumb","itemListElement":[{"@type":"ListItem","position":1,"name":"Hem","item":"https:\/\/magotarm.se\/stockholms-lansforening\/"},{"@type":"ListItem","position":2,"name":"Om oss","item":"https:\/\/magotarm.se\/stockholms-lansforening\/om-oss\/"},{"@type":"ListItem","position":3,"name":"Styrelsen","item":"https:\/\/magotarm.se\/stockholms-lansforening\/om-oss\/styrelsen\/"},{"@type":"ListItem","position":4,"name":"Marie Lindh"}]},{"@type":"WebSite","@id":"https:\/\/magotarm.se\/stockholms-lansforening\/#website","url":"https:\/\/magotarm.se\/stockholms-lansforening\/","name":"Mag- och tarmföreningen i Stockholms län","description":"En till Mag- och tarmförbundets Webbplatser webbplats","potentialAction":[{"@type":"SearchAction","target":{"@type":"EntryPoint","urlTemplate":"https:\/\/magotarm.se\/stockholms-lansforening\/?s={search_term_string}"},"query-input":{"@type":"PropertyValueSpecification","valueRequired":true,"valueName":"search_term_string"}}],"inLanguage":"sv-SE"}]}</script>
<!-- / Yoast SEO plugin. -->

Marie Lindh - Mag- och tarmföreningen i Stockholms län

Vice ordförande i Mag- och tarmföreningen i Stockholms län och ledare till föreningens kulturgrupp Magenta.

Mag- och tarmföreningen i Stockholms län

En till Mag- och tarmförbundets Webbplatser webbplats
