{"id":469,"date":"2017-04-28T15:46:49","date_gmt":"2017-04-28T13:46:49","guid":{"rendered":"http:\/\/magotarm.se\/stockholms-lansforening\/?page_id=469"},"modified":"2025-11-20T16:14:30","modified_gmt":"2025-11-20T15:14:30","slug":"henrik-almlof","status":"publish","type":"page","link":"https:\/\/magotarm.se\/stockholms-lansforening\/om-oss\/kansliet\/henrik-almlof\/","title":{"rendered":"Henrik Alml\u00f6f"},"content":{"rendered":"<p>Verksamhetschef hos Mag- och tarmf\u00f6reningen i Stockholms l\u00e4n sedan 2015. Har sj\u00e4lv levt med en IBD-diagnos sedan 90-talet och deltar i r\u00e5d och expertgrupper f\u00f6r att lyfta patientperspektivet samt verka f\u00f6r en f\u00f6rb\u00e4ttrad livs- och v\u00e5rdkvalitet f\u00f6r mag\/tarmsjuka.<span class=\"Apple-converted-space\">&nbsp;<\/span><\/p>\n<p>Har det operativt ansvaret f\u00f6r f\u00f6reningens administration och genomf\u00f6rande av verksamheten enligt verksamhetsplanen. Ansvarar f\u00f6r f\u00f6reningens externa kontakter.&nbsp;\u00c4r f\u00f6redragande i styrelsen och verkst\u00e4ller beslut.<\/p>\n","protected":false},"excerpt":{"rendered":"<p>Verksamhetschef hos Mag- och tarmf\u00f6reningen i Stockholms l\u00e4n sedan 2015. Har sj\u00e4lv levt med en IBD-diagnos sedan 90-talet och &#8230;<\/p>\n","protected":false},"author":24,"featured_media":1522,"parent":65,"menu_order":1,"comment_status":"closed","ping_status":"closed","template":"page-contact-person.php","meta":{"_acf_changed":false,"footnotes":"","_links_to":"","_links_to_target":""},"class_list":["post-469","page","type-page","status-publish","has-post-thumbnail","hentry","wp-sticky"],"acf":[],"yoast_head":"<!-- This site is optimized with the Yoast SEO plugin v27.5 - https:\/\/yoast.com\/product\/yoast-seo-wordpress\/ -->\n<title>Henrik Alml\u00f6f - Mag- och tarmf\u00f6reningen i Stockholms l\u00e4n<\/title>\n<meta name=\"robots\" content=\"index, follow, max-snippet:-1, max-image-preview:large, max-video-preview:-1\" \/>\n<link rel=\"canonical\" href=\"https:\/\/magotarm.se\/stockholms-lansforening\/om-oss\/kansliet\/henrik-almlof\/\" \/>\n<meta property=\"og:locale\" content=\"sv_SE\" \/>\n<meta property=\"og:type\" content=\"article\" \/>\n<meta property=\"og:title\" content=\"Henrik Alml\u00f6f - Mag- och tarmf\u00f6reningen i Stockholms l\u00e4n\" \/>\n<meta property=\"og:description\" content=\"Verksamhetschef hos Mag- och tarmf\u00f6reningen i Stockholms l\u00e4n sedan 2015. Har sj\u00e4lv levt med en IBD-diagnos sedan 90-talet och ...\" \/>\n<meta property=\"og:url\" content=\"https:\/\/magotarm.se\/stockholms-lansforening\/om-oss\/kansliet\/henrik-almlof\/\" \/>\n<meta property=\"og:site_name\" content=\"Mag- och tarmf\u00f6reningen i Stockholms l\u00e4n\" \/>\n<meta property=\"article:modified_time\" content=\"2025-11-20T15:14:30+00:00\" \/>\n<meta property=\"og:image\" content=\"https:\/\/magotarm.se\/stockholms-lansforening\/wp-content\/uploads\/sites\/19\/2024\/11\/henrikvagg.jpg\" \/>\n\t<meta property=\"og:image:width\" content=\"2073\" \/>\n\t<meta property=\"og:image:height\" content=\"2522\" \/>\n\t<meta property=\"og:image:type\" content=\"image\/jpeg\" \/>\n<meta name=\"twitter:card\" content=\"summary_large_image\" \/>\n<meta name=\"twitter:label1\" content=\"Ber\u00e4knad l\u00e4stid\" \/>\n\t<meta name=\"twitter:data1\" content=\"1 minut\" \/>\n<script type=\"application\/ld+json\" class=\"yoast-schema-graph\">{\"@context\":\"https:\\\/\\\/schema.org\",\"@graph\":[{\"@type\":\"WebPage\",\"@id\":\"https:\\\/\\\/magotarm.se\\\/stockholms-lansforening\\\/om-oss\\\/kansliet\\\/henrik-almlof\\\/\",\"url\":\"https:\\\/\\\/magotarm.se\\\/stockholms-lansforening\\\/om-oss\\\/kansliet\\\/henrik-almlof\\\/\",\"name\":\"Henrik Alml\u00f6f - Mag- och tarmf\u00f6reningen i Stockholms l\u00e4n\",\"isPartOf\":{\"@id\":\"https:\\\/\\\/magotarm.se\\\/stockholms-lansforening\\\/#website\"},\"primaryImageOfPage\":{\"@id\":\"https:\\\/\\\/magotarm.se\\\/stockholms-lansforening\\\/om-oss\\\/kansliet\\\/henrik-almlof\\\/#primaryimage\"},\"image\":{\"@id\":\"https:\\\/\\\/magotarm.se\\\/stockholms-lansforening\\\/om-oss\\\/kansliet\\\/henrik-almlof\\\/#primaryimage\"},\"thumbnailUrl\":\"https:\\\/\\\/magotarm.se\\\/stockholms-lansforening\\\/wp-content\\\/uploads\\\/sites\\\/19\\\/2024\\\/11\\\/henrikvagg.jpg\",\"datePublished\":\"2017-04-28T13:46:49+00:00\",\"dateModified\":\"2025-11-20T15:14:30+00:00\",\"breadcrumb\":{\"@id\":\"https:\\\/\\\/magotarm.se\\\/stockholms-lansforening\\\/om-oss\\\/kansliet\\\/henrik-almlof\\\/#breadcrumb\"},\"inLanguage\":\"sv-SE\",\"potentialAction\":[{\"@type\":\"ReadAction\",\"target\":[\"https:\\\/\\\/magotarm.se\\\/stockholms-lansforening\\\/om-oss\\\/kansliet\\\/henrik-almlof\\\/\"]}]},{\"@type\":\"ImageObject\",\"inLanguage\":\"sv-SE\",\"@id\":\"https:\\\/\\\/magotarm.se\\\/stockholms-lansforening\\\/om-oss\\\/kansliet\\\/henrik-almlof\\\/#primaryimage\",\"url\":\"https:\\\/\\\/magotarm.se\\\/stockholms-lansforening\\\/wp-content\\\/uploads\\\/sites\\\/19\\\/2024\\\/11\\\/henrikvagg.jpg\",\"contentUrl\":\"https:\\\/\\\/magotarm.se\\\/stockholms-lansforening\\\/wp-content\\\/uploads\\\/sites\\\/19\\\/2024\\\/11\\\/henrikvagg.jpg\",\"width\":2073,\"height\":2522},{\"@type\":\"BreadcrumbList\",\"@id\":\"https:\\\/\\\/magotarm.se\\\/stockholms-lansforening\\\/om-oss\\\/kansliet\\\/henrik-almlof\\\/#breadcrumb\",\"itemListElement\":[{\"@type\":\"ListItem\",\"position\":1,\"name\":\"Hem\",\"item\":\"https:\\\/\\\/magotarm.se\\\/stockholms-lansforening\\\/\"},{\"@type\":\"ListItem\",\"position\":2,\"name\":\"Om oss\",\"item\":\"https:\\\/\\\/magotarm.se\\\/stockholms-lansforening\\\/om-oss\\\/\"},{\"@type\":\"ListItem\",\"position\":3,\"name\":\"Kontoret\",\"item\":\"https:\\\/\\\/magotarm.se\\\/stockholms-lansforening\\\/om-oss\\\/kansliet\\\/\"},{\"@type\":\"ListItem\",\"position\":4,\"name\":\"Henrik Alml\u00f6f\"}]},{\"@type\":\"WebSite\",\"@id\":\"https:\\\/\\\/magotarm.se\\\/stockholms-lansforening\\\/#website\",\"url\":\"https:\\\/\\\/magotarm.se\\\/stockholms-lansforening\\\/\",\"name\":\"Mag- och tarmf\u00f6reningen i Stockholms l\u00e4n\",\"description\":\"En till Mag- och tarmf\u00f6rbundets Webbplatser webbplats\",\"potentialAction\":[{\"@type\":\"SearchAction\",\"target\":{\"@type\":\"EntryPoint\",\"urlTemplate\":\"https:\\\/\\\/magotarm.se\\\/stockholms-lansforening\\\/?s={search_term_string}\"},\"query-input\":{\"@type\":\"PropertyValueSpecification\",\"valueRequired\":true,\"valueName\":\"search_term_string\"}}],\"inLanguage\":\"sv-SE\"}]}<\/script>\n<!-- \/ Yoast SEO plugin. -->","yoast_head_json":{"title":"Henrik Alml\u00f6f - Mag- och tarmf\u00f6reningen i Stockholms l\u00e4n","robots":{"index":"index","follow":"follow","max-snippet":"max-snippet:-1","max-image-preview":"max-image-preview:large","max-video-preview":"max-video-preview:-1"},"canonical":"https:\/\/magotarm.se\/stockholms-lansforening\/om-oss\/kansliet\/henrik-almlof\/","og_locale":"sv_SE","og_type":"article","og_title":"Henrik Alml\u00f6f - Mag- och tarmf\u00f6reningen i Stockholms l\u00e4n","og_description":"Verksamhetschef hos Mag- och tarmf\u00f6reningen i Stockholms l\u00e4n sedan 2015. Har sj\u00e4lv levt med en IBD-diagnos sedan 90-talet och ...","og_url":"https:\/\/magotarm.se\/stockholms-lansforening\/om-oss\/kansliet\/henrik-almlof\/","og_site_name":"Mag- och tarmf\u00f6reningen i Stockholms l\u00e4n","article_modified_time":"2025-11-20T15:14:30+00:00","og_image":[{"width":2073,"height":2522,"url":"https:\/\/magotarm.se\/stockholms-lansforening\/wp-content\/uploads\/sites\/19\/2024\/11\/henrikvagg.jpg","type":"image\/jpeg"}],"twitter_card":"summary_large_image","twitter_misc":{"Ber\u00e4knad l\u00e4stid":"1 minut"},"schema":{"@context":"https:\/\/schema.org","@graph":[{"@type":"WebPage","@id":"https:\/\/magotarm.se\/stockholms-lansforening\/om-oss\/kansliet\/henrik-almlof\/","url":"https:\/\/magotarm.se\/stockholms-lansforening\/om-oss\/kansliet\/henrik-almlof\/","name":"Henrik Alml\u00f6f - Mag- och tarmf\u00f6reningen i Stockholms l\u00e4n","isPartOf":{"@id":"https:\/\/magotarm.se\/stockholms-lansforening\/#website"},"primaryImageOfPage":{"@id":"https:\/\/magotarm.se\/stockholms-lansforening\/om-oss\/kansliet\/henrik-almlof\/#primaryimage"},"image":{"@id":"https:\/\/magotarm.se\/stockholms-lansforening\/om-oss\/kansliet\/henrik-almlof\/#primaryimage"},"thumbnailUrl":"https:\/\/magotarm.se\/stockholms-lansforening\/wp-content\/uploads\/sites\/19\/2024\/11\/henrikvagg.jpg","datePublished":"2017-04-28T13:46:49+00:00","dateModified":"2025-11-20T15:14:30+00:00","breadcrumb":{"@id":"https:\/\/magotarm.se\/stockholms-lansforening\/om-oss\/kansliet\/henrik-almlof\/#breadcrumb"},"inLanguage":"sv-SE","potentialAction":[{"@type":"ReadAction","target":["https:\/\/magotarm.se\/stockholms-lansforening\/om-oss\/kansliet\/henrik-almlof\/"]}]},{"@type":"ImageObject","inLanguage":"sv-SE","@id":"https:\/\/magotarm.se\/stockholms-lansforening\/om-oss\/kansliet\/henrik-almlof\/#primaryimage","url":"https:\/\/magotarm.se\/stockholms-lansforening\/wp-content\/uploads\/sites\/19\/2024\/11\/henrikvagg.jpg","contentUrl":"https:\/\/magotarm.se\/stockholms-lansforening\/wp-content\/uploads\/sites\/19\/2024\/11\/henrikvagg.jpg","width":2073,"height":2522},{"@type":"BreadcrumbList","@id":"https:\/\/magotarm.se\/stockholms-lansforening\/om-oss\/kansliet\/henrik-almlof\/#breadcrumb","itemListElement":[{"@type":"ListItem","position":1,"name":"Hem","item":"https:\/\/magotarm.se\/stockholms-lansforening\/"},{"@type":"ListItem","position":2,"name":"Om oss","item":"https:\/\/magotarm.se\/stockholms-lansforening\/om-oss\/"},{"@type":"ListItem","position":3,"name":"Kontoret","item":"https:\/\/magotarm.se\/stockholms-lansforening\/om-oss\/kansliet\/"},{"@type":"ListItem","position":4,"name":"Henrik Alml\u00f6f"}]},{"@type":"WebSite","@id":"https:\/\/magotarm.se\/stockholms-lansforening\/#website","url":"https:\/\/magotarm.se\/stockholms-lansforening\/","name":"Mag- och tarmf\u00f6reningen i Stockholms l\u00e4n","description":"En till Mag- och tarmf\u00f6rbundets Webbplatser webbplats","potentialAction":[{"@type":"SearchAction","target":{"@type":"EntryPoint","urlTemplate":"https:\/\/magotarm.se\/stockholms-lansforening\/?s={search_term_string}"},"query-input":{"@type":"PropertyValueSpecification","valueRequired":true,"valueName":"search_term_string"}}],"inLanguage":"sv-SE"}]}},"_links":{"self":[{"href":"https:\/\/magotarm.se\/stockholms-lansforening\/wp-json\/wp\/v2\/pages\/469","targetHints":{"allow":["GET"]}}],"collection":[{"href":"https:\/\/magotarm.se\/stockholms-lansforening\/wp-json\/wp\/v2\/pages"}],"about":[{"href":"https:\/\/magotarm.se\/stockholms-lansforening\/wp-json\/wp\/v2\/types\/page"}],"author":[{"embeddable":true,"href":"https:\/\/magotarm.se\/stockholms-lansforening\/wp-json\/wp\/v2\/users\/24"}],"replies":[{"embeddable":true,"href":"https:\/\/magotarm.se\/stockholms-lansforening\/wp-json\/wp\/v2\/comments?post=469"}],"version-history":[{"count":7,"href":"https:\/\/magotarm.se\/stockholms-lansforening\/wp-json\/wp\/v2\/pages\/469\/revisions"}],"predecessor-version":[{"id":1622,"href":"https:\/\/magotarm.se\/stockholms-lansforening\/wp-json\/wp\/v2\/pages\/469\/revisions\/1622"}],"up":[{"embeddable":true,"href":"https:\/\/magotarm.se\/stockholms-lansforening\/wp-json\/wp\/v2\/pages\/65"}],"wp:featuredmedia":[{"embeddable":true,"href":"https:\/\/magotarm.se\/stockholms-lansforening\/wp-json\/wp\/v2\/media\/1522"}],"wp:attachment":[{"href":"https:\/\/magotarm.se\/stockholms-lansforening\/wp-json\/wp\/v2\/media?parent=469"}],"curies":[{"name":"wp","href":"https:\/\/api.w.org\/{rel}","templated":true}]}}

Henrik Almlöf

<p>Verksamhetschef hos Mag- och tarmföreningen i Stockholms län sedan 2015. Har själv levt med en IBD-diagnos sedan 90-talet och deltar i råd och expertgrupper för att lyfta patientperspektivet samt verka för en förbättrad livs- och vårdkvalitet för mag/tarmsjuka.<span class="Apple-converted-space">&nbsp;</span></p>
<p>Har det operativt ansvaret för föreningens administration och genomförande av verksamheten enligt verksamhetsplanen. Ansvarar för föreningens externa kontakter.&nbsp;Är föredragande i styrelsen och verkställer beslut.</p>

<p>Verksamhetschef hos Mag- och tarmföreningen i Stockholms län sedan 2015. Har själv levt med en IBD-diagnos sedan 90-talet och &#8230;</p>

<!-- This site is optimized with the Yoast SEO plugin v27.5 - https://yoast.com/product/yoast-seo-wordpress/ -->
<title>Henrik Almlöf - Mag- och tarmföreningen i Stockholms län</title>
<meta name="robots" content="index, follow, max-snippet:-1, max-image-preview:large, max-video-preview:-1" />
<link rel="canonical" href="https://magotarm.se/stockholms-lansforening/om-oss/kansliet/henrik-almlof/" />
<meta property="og:locale" content="sv_SE" />
<meta property="og:type" content="article" />
<meta property="og:title" content="Henrik Almlöf - Mag- och tarmföreningen i Stockholms län" />
<meta property="og:description" content="Verksamhetschef hos Mag- och tarmföreningen i Stockholms län sedan 2015. Har själv levt med en IBD-diagnos sedan 90-talet och ..." />
<meta property="og:url" content="https://magotarm.se/stockholms-lansforening/om-oss/kansliet/henrik-almlof/" />
<meta property="og:site_name" content="Mag- och tarmföreningen i Stockholms län" />
<meta property="article:modified_time" content="2025-11-20T15:14:30+00:00" />
<meta property="og:image" content="https://magotarm.se/stockholms-lansforening/wp-content/uploads/sites/19/2024/11/henrikvagg.jpg" />
	<meta property="og:image:width" content="2073" />
	<meta property="og:image:height" content="2522" />
	<meta property="og:image:type" content="image/jpeg" />
<meta name="twitter:card" content="summary_large_image" />
<meta name="twitter:label1" content="Beräknad lästid" />
	<meta name="twitter:data1" content="1 minut" />
<script type="application/ld+json" class="yoast-schema-graph">{"@context":"https:\/\/schema.org","@graph":[{"@type":"WebPage","@id":"https:\/\/magotarm.se\/stockholms-lansforening\/om-oss\/kansliet\/henrik-almlof\/","url":"https:\/\/magotarm.se\/stockholms-lansforening\/om-oss\/kansliet\/henrik-almlof\/","name":"Henrik Almlöf - Mag- och tarmföreningen i Stockholms län","isPartOf":{"@id":"https:\/\/magotarm.se\/stockholms-lansforening\/#website"},"primaryImageOfPage":{"@id":"https:\/\/magotarm.se\/stockholms-lansforening\/om-oss\/kansliet\/henrik-almlof\/#primaryimage"},"image":{"@id":"https:\/\/magotarm.se\/stockholms-lansforening\/om-oss\/kansliet\/henrik-almlof\/#primaryimage"},"thumbnailUrl":"https:\/\/magotarm.se\/stockholms-lansforening\/wp-content\/uploads\/sites\/19\/2024\/11\/henrikvagg.jpg","datePublished":"2017-04-28T13:46:49+00:00","dateModified":"2025-11-20T15:14:30+00:00","breadcrumb":{"@id":"https:\/\/magotarm.se\/stockholms-lansforening\/om-oss\/kansliet\/henrik-almlof\/#breadcrumb"},"inLanguage":"sv-SE","potentialAction":[{"@type":"ReadAction","target":["https:\/\/magotarm.se\/stockholms-lansforening\/om-oss\/kansliet\/henrik-almlof\/"]}]},{"@type":"ImageObject","inLanguage":"sv-SE","@id":"https:\/\/magotarm.se\/stockholms-lansforening\/om-oss\/kansliet\/henrik-almlof\/#primaryimage","url":"https:\/\/magotarm.se\/stockholms-lansforening\/wp-content\/uploads\/sites\/19\/2024\/11\/henrikvagg.jpg","contentUrl":"https:\/\/magotarm.se\/stockholms-lansforening\/wp-content\/uploads\/sites\/19\/2024\/11\/henrikvagg.jpg","width":2073,"height":2522},{"@type":"BreadcrumbList","@id":"https:\/\/magotarm.se\/stockholms-lansforening\/om-oss\/kansliet\/henrik-almlof\/#breadcrumb","itemListElement":[{"@type":"ListItem","position":1,"name":"Hem","item":"https:\/\/magotarm.se\/stockholms-lansforening\/"},{"@type":"ListItem","position":2,"name":"Om oss","item":"https:\/\/magotarm.se\/stockholms-lansforening\/om-oss\/"},{"@type":"ListItem","position":3,"name":"Kontoret","item":"https:\/\/magotarm.se\/stockholms-lansforening\/om-oss\/kansliet\/"},{"@type":"ListItem","position":4,"name":"Henrik Almlöf"}]},{"@type":"WebSite","@id":"https:\/\/magotarm.se\/stockholms-lansforening\/#website","url":"https:\/\/magotarm.se\/stockholms-lansforening\/","name":"Mag- och tarmföreningen i Stockholms län","description":"En till Mag- och tarmförbundets Webbplatser webbplats","potentialAction":[{"@type":"SearchAction","target":{"@type":"EntryPoint","urlTemplate":"https:\/\/magotarm.se\/stockholms-lansforening\/?s={search_term_string}"},"query-input":{"@type":"PropertyValueSpecification","valueRequired":true,"valueName":"search_term_string"}}],"inLanguage":"sv-SE"}]}</script>
<!-- / Yoast SEO plugin. -->

Henrik Almlöf - Mag- och tarmföreningen i Stockholms län

Verksamhetschef hos Mag- och tarmföreningen i Stockholms län sedan 2015. Har själv levt med en IBD-diagnos sedan 90-talet och ...

Mag- och tarmföreningen i Stockholms län

En till Mag- och tarmförbundets Webbplatser webbplats
