{"id":1449,"date":"2024-03-26T07:52:54","date_gmt":"2024-03-26T06:52:54","guid":{"rendered":"https:\/\/magotarm.se\/stockholms-lansforening\/?post_type=ajde_events&#038;p=1449"},"modified":"2024-03-26T07:52:54","modified_gmt":"2024-03-26T06:52:54","slug":"en-eftermiddag-om-ibd-och-hjartsjukdom","status":"publish","type":"ajde_events","link":"https:\/\/magotarm.se\/stockholms-lansforening\/events\/en-eftermiddag-om-ibd-och-hjartsjukdom\/","title":{"rendered":"En eftermiddag om IBD och hj\u00e4rtsjukdom"},"content":{"rendered":"\n\n\n<p>M\u00e5ndag 22 april anordnar forskare p\u00e5 Karolinska Institutet en eftermiddag som v\u00e4nder sig till patienter med inflammatorisk tarmsjukdom (IBD) och deras anh\u00f6riga. F\u00f6ranm\u00e4lan kr\u00e4vs. Se l\u00e4nk f\u00f6r mer info: <\/p>\n\n\n\n<p><a href=\"https:\/\/nyheter.ki.se\/kalender\/en-eftermiddag-om-ibd-och-hjartsjukdom\">https:\/\/nyheter.ki.se\/kalender\/en-eftermiddag-om-ibd-och-hjartsjukdom<\/a><\/p>\n","protected":false},"author":24,"featured_media":0,"menu_order":0,"comment_status":"open","ping_status":"closed","template":"","meta":{"_acf_changed":false,"_links_to":"","_links_to_target":""},"tags":[],"event_type":[],"event_type_2":[],"class_list":["post-1449","ajde_events","type-ajde_events","status-publish","hentry","wp-sticky"],"acf":[],"yoast_head":"<!-- This site is optimized with the Yoast SEO plugin v27.5 - https:\/\/yoast.com\/product\/yoast-seo-wordpress\/ -->\n<title>En eftermiddag om IBD och hj\u00e4rtsjukdom - Mag- och tarmf\u00f6reningen i Stockholms l\u00e4n<\/title>\n<meta name=\"robots\" content=\"index, follow, max-snippet:-1, max-image-preview:large, max-video-preview:-1\" \/>\n<link rel=\"canonical\" href=\"https:\/\/magotarm.se\/stockholms-lansforening\/events\/en-eftermiddag-om-ibd-och-hjartsjukdom\/\" \/>\n<meta property=\"og:locale\" content=\"sv_SE\" \/>\n<meta property=\"og:type\" content=\"article\" \/>\n<meta property=\"og:title\" content=\"En eftermiddag om IBD och hj\u00e4rtsjukdom - Mag- och tarmf\u00f6reningen i Stockholms l\u00e4n\" \/>\n<meta property=\"og:description\" content=\"M\u00e5ndag 22 april anordnar forskare p\u00e5 Karolinska Institutet en eftermiddag som v\u00e4nder sig till patienter med inflammatorisk tarmsjukdom (IBD) ...\" \/>\n<meta property=\"og:url\" content=\"https:\/\/magotarm.se\/stockholms-lansforening\/events\/en-eftermiddag-om-ibd-och-hjartsjukdom\/\" \/>\n<meta property=\"og:site_name\" content=\"Mag- och tarmf\u00f6reningen i Stockholms l\u00e4n\" \/>\n<meta name=\"twitter:card\" content=\"summary_large_image\" \/>\n<meta name=\"twitter:label1\" content=\"Ber\u00e4knad l\u00e4stid\" \/>\n\t<meta name=\"twitter:data1\" content=\"1 minut\" \/>\n<script type=\"application\/ld+json\" class=\"yoast-schema-graph\">{\"@context\":\"https:\\\/\\\/schema.org\",\"@graph\":[{\"@type\":\"WebPage\",\"@id\":\"https:\\\/\\\/magotarm.se\\\/stockholms-lansforening\\\/events\\\/en-eftermiddag-om-ibd-och-hjartsjukdom\\\/\",\"url\":\"https:\\\/\\\/magotarm.se\\\/stockholms-lansforening\\\/events\\\/en-eftermiddag-om-ibd-och-hjartsjukdom\\\/\",\"name\":\"En eftermiddag om IBD och hj\u00e4rtsjukdom - Mag- och tarmf\u00f6reningen i Stockholms l\u00e4n\",\"isPartOf\":{\"@id\":\"https:\\\/\\\/magotarm.se\\\/stockholms-lansforening\\\/#website\"},\"datePublished\":\"2024-03-26T06:52:54+00:00\",\"breadcrumb\":{\"@id\":\"https:\\\/\\\/magotarm.se\\\/stockholms-lansforening\\\/events\\\/en-eftermiddag-om-ibd-och-hjartsjukdom\\\/#breadcrumb\"},\"inLanguage\":\"sv-SE\",\"potentialAction\":[{\"@type\":\"ReadAction\",\"target\":[\"https:\\\/\\\/magotarm.se\\\/stockholms-lansforening\\\/events\\\/en-eftermiddag-om-ibd-och-hjartsjukdom\\\/\"]}]},{\"@type\":\"BreadcrumbList\",\"@id\":\"https:\\\/\\\/magotarm.se\\\/stockholms-lansforening\\\/events\\\/en-eftermiddag-om-ibd-och-hjartsjukdom\\\/#breadcrumb\",\"itemListElement\":[{\"@type\":\"ListItem\",\"position\":1,\"name\":\"Hem\",\"item\":\"https:\\\/\\\/magotarm.se\\\/stockholms-lansforening\\\/\"},{\"@type\":\"ListItem\",\"position\":2,\"name\":\"Events\",\"item\":\"https:\\\/\\\/magotarm.se\\\/stockholms-lansforening\\\/events\\\/\"},{\"@type\":\"ListItem\",\"position\":3,\"name\":\"En eftermiddag om IBD och hj\u00e4rtsjukdom\"}]},{\"@type\":\"WebSite\",\"@id\":\"https:\\\/\\\/magotarm.se\\\/stockholms-lansforening\\\/#website\",\"url\":\"https:\\\/\\\/magotarm.se\\\/stockholms-lansforening\\\/\",\"name\":\"Mag- och tarmf\u00f6reningen i Stockholms l\u00e4n\",\"description\":\"En till Mag- och tarmf\u00f6rbundets Webbplatser webbplats\",\"potentialAction\":[{\"@type\":\"SearchAction\",\"target\":{\"@type\":\"EntryPoint\",\"urlTemplate\":\"https:\\\/\\\/magotarm.se\\\/stockholms-lansforening\\\/?s={search_term_string}\"},\"query-input\":{\"@type\":\"PropertyValueSpecification\",\"valueRequired\":true,\"valueName\":\"search_term_string\"}}],\"inLanguage\":\"sv-SE\"}]}<\/script>\n<!-- \/ Yoast SEO plugin. -->","yoast_head_json":{"title":"En eftermiddag om IBD och hj\u00e4rtsjukdom - Mag- och tarmf\u00f6reningen i Stockholms l\u00e4n","robots":{"index":"index","follow":"follow","max-snippet":"max-snippet:-1","max-image-preview":"max-image-preview:large","max-video-preview":"max-video-preview:-1"},"canonical":"https:\/\/magotarm.se\/stockholms-lansforening\/events\/en-eftermiddag-om-ibd-och-hjartsjukdom\/","og_locale":"sv_SE","og_type":"article","og_title":"En eftermiddag om IBD och hj\u00e4rtsjukdom - Mag- och tarmf\u00f6reningen i Stockholms l\u00e4n","og_description":"M\u00e5ndag 22 april anordnar forskare p\u00e5 Karolinska Institutet en eftermiddag som v\u00e4nder sig till patienter med inflammatorisk tarmsjukdom (IBD) ...","og_url":"https:\/\/magotarm.se\/stockholms-lansforening\/events\/en-eftermiddag-om-ibd-och-hjartsjukdom\/","og_site_name":"Mag- och tarmf\u00f6reningen i Stockholms l\u00e4n","twitter_card":"summary_large_image","twitter_misc":{"Ber\u00e4knad l\u00e4stid":"1 minut"},"schema":{"@context":"https:\/\/schema.org","@graph":[{"@type":"WebPage","@id":"https:\/\/magotarm.se\/stockholms-lansforening\/events\/en-eftermiddag-om-ibd-och-hjartsjukdom\/","url":"https:\/\/magotarm.se\/stockholms-lansforening\/events\/en-eftermiddag-om-ibd-och-hjartsjukdom\/","name":"En eftermiddag om IBD och hj\u00e4rtsjukdom - Mag- och tarmf\u00f6reningen i Stockholms l\u00e4n","isPartOf":{"@id":"https:\/\/magotarm.se\/stockholms-lansforening\/#website"},"datePublished":"2024-03-26T06:52:54+00:00","breadcrumb":{"@id":"https:\/\/magotarm.se\/stockholms-lansforening\/events\/en-eftermiddag-om-ibd-och-hjartsjukdom\/#breadcrumb"},"inLanguage":"sv-SE","potentialAction":[{"@type":"ReadAction","target":["https:\/\/magotarm.se\/stockholms-lansforening\/events\/en-eftermiddag-om-ibd-och-hjartsjukdom\/"]}]},{"@type":"BreadcrumbList","@id":"https:\/\/magotarm.se\/stockholms-lansforening\/events\/en-eftermiddag-om-ibd-och-hjartsjukdom\/#breadcrumb","itemListElement":[{"@type":"ListItem","position":1,"name":"Hem","item":"https:\/\/magotarm.se\/stockholms-lansforening\/"},{"@type":"ListItem","position":2,"name":"Events","item":"https:\/\/magotarm.se\/stockholms-lansforening\/events\/"},{"@type":"ListItem","position":3,"name":"En eftermiddag om IBD och hj\u00e4rtsjukdom"}]},{"@type":"WebSite","@id":"https:\/\/magotarm.se\/stockholms-lansforening\/#website","url":"https:\/\/magotarm.se\/stockholms-lansforening\/","name":"Mag- och tarmf\u00f6reningen i Stockholms l\u00e4n","description":"En till Mag- och tarmf\u00f6rbundets Webbplatser webbplats","potentialAction":[{"@type":"SearchAction","target":{"@type":"EntryPoint","urlTemplate":"https:\/\/magotarm.se\/stockholms-lansforening\/?s={search_term_string}"},"query-input":{"@type":"PropertyValueSpecification","valueRequired":true,"valueName":"search_term_string"}}],"inLanguage":"sv-SE"}]}},"_links":{"self":[{"href":"https:\/\/magotarm.se\/stockholms-lansforening\/wp-json\/wp\/v2\/ajde_events\/1449","targetHints":{"allow":["GET"]}}],"collection":[{"href":"https:\/\/magotarm.se\/stockholms-lansforening\/wp-json\/wp\/v2\/ajde_events"}],"about":[{"href":"https:\/\/magotarm.se\/stockholms-lansforening\/wp-json\/wp\/v2\/types\/ajde_events"}],"author":[{"embeddable":true,"href":"https:\/\/magotarm.se\/stockholms-lansforening\/wp-json\/wp\/v2\/users\/24"}],"replies":[{"embeddable":true,"href":"https:\/\/magotarm.se\/stockholms-lansforening\/wp-json\/wp\/v2\/comments?post=1449"}],"wp:attachment":[{"href":"https:\/\/magotarm.se\/stockholms-lansforening\/wp-json\/wp\/v2\/media?parent=1449"}],"wp:term":[{"taxonomy":"post_tag","embeddable":true,"href":"https:\/\/magotarm.se\/stockholms-lansforening\/wp-json\/wp\/v2\/tags?post=1449"},{"taxonomy":"event_type","embeddable":true,"href":"https:\/\/magotarm.se\/stockholms-lansforening\/wp-json\/wp\/v2\/event_type?post=1449"},{"taxonomy":"event_type_2","embeddable":true,"href":"https:\/\/magotarm.se\/stockholms-lansforening\/wp-json\/wp\/v2\/event_type_2?post=1449"}],"curies":[{"name":"wp","href":"https:\/\/api.w.org\/{rel}","templated":true}]}}

En eftermiddag om IBD och hjärtsjukdom

<p>Måndag 22 april anordnar forskare på Karolinska Institutet en eftermiddag som vänder sig till patienter med inflammatorisk tarmsjukdom (IBD) och deras anhöriga. Föranmälan krävs. Se länk för mer info: </p>



<p><a href="https://nyheter.ki.se/kalender/en-eftermiddag-om-ibd-och-hjartsjukdom">https://nyheter.ki.se/kalender/en-eftermiddag-om-ibd-och-hjartsjukdom</a></p>

<!-- This site is optimized with the Yoast SEO plugin v27.5 - https://yoast.com/product/yoast-seo-wordpress/ -->
<title>En eftermiddag om IBD och hjärtsjukdom - Mag- och tarmföreningen i Stockholms län</title>
<meta name="robots" content="index, follow, max-snippet:-1, max-image-preview:large, max-video-preview:-1" />
<link rel="canonical" href="https://magotarm.se/stockholms-lansforening/events/en-eftermiddag-om-ibd-och-hjartsjukdom/" />
<meta property="og:locale" content="sv_SE" />
<meta property="og:type" content="article" />
<meta property="og:title" content="En eftermiddag om IBD och hjärtsjukdom - Mag- och tarmföreningen i Stockholms län" />
<meta property="og:description" content="Måndag 22 april anordnar forskare på Karolinska Institutet en eftermiddag som vänder sig till patienter med inflammatorisk tarmsjukdom (IBD) ..." />
<meta property="og:url" content="https://magotarm.se/stockholms-lansforening/events/en-eftermiddag-om-ibd-och-hjartsjukdom/" />
<meta property="og:site_name" content="Mag- och tarmföreningen i Stockholms län" />
<meta name="twitter:card" content="summary_large_image" />
<meta name="twitter:label1" content="Beräknad lästid" />
	<meta name="twitter:data1" content="1 minut" />
<script type="application/ld+json" class="yoast-schema-graph">{"@context":"https:\/\/schema.org","@graph":[{"@type":"WebPage","@id":"https:\/\/magotarm.se\/stockholms-lansforening\/events\/en-eftermiddag-om-ibd-och-hjartsjukdom\/","url":"https:\/\/magotarm.se\/stockholms-lansforening\/events\/en-eftermiddag-om-ibd-och-hjartsjukdom\/","name":"En eftermiddag om IBD och hjärtsjukdom - Mag- och tarmföreningen i Stockholms län","isPartOf":{"@id":"https:\/\/magotarm.se\/stockholms-lansforening\/#website"},"datePublished":"2024-03-26T06:52:54+00:00","breadcrumb":{"@id":"https:\/\/magotarm.se\/stockholms-lansforening\/events\/en-eftermiddag-om-ibd-och-hjartsjukdom\/#breadcrumb"},"inLanguage":"sv-SE","potentialAction":[{"@type":"ReadAction","target":["https:\/\/magotarm.se\/stockholms-lansforening\/events\/en-eftermiddag-om-ibd-och-hjartsjukdom\/"]}]},{"@type":"BreadcrumbList","@id":"https:\/\/magotarm.se\/stockholms-lansforening\/events\/en-eftermiddag-om-ibd-och-hjartsjukdom\/#breadcrumb","itemListElement":[{"@type":"ListItem","position":1,"name":"Hem","item":"https:\/\/magotarm.se\/stockholms-lansforening\/"},{"@type":"ListItem","position":2,"name":"Events","item":"https:\/\/magotarm.se\/stockholms-lansforening\/events\/"},{"@type":"ListItem","position":3,"name":"En eftermiddag om IBD och hjärtsjukdom"}]},{"@type":"WebSite","@id":"https:\/\/magotarm.se\/stockholms-lansforening\/#website","url":"https:\/\/magotarm.se\/stockholms-lansforening\/","name":"Mag- och tarmföreningen i Stockholms län","description":"En till Mag- och tarmförbundets Webbplatser webbplats","potentialAction":[{"@type":"SearchAction","target":{"@type":"EntryPoint","urlTemplate":"https:\/\/magotarm.se\/stockholms-lansforening\/?s={search_term_string}"},"query-input":{"@type":"PropertyValueSpecification","valueRequired":true,"valueName":"search_term_string"}}],"inLanguage":"sv-SE"}]}</script>
<!-- / Yoast SEO plugin. -->

En eftermiddag om IBD och hjärtsjukdom - Mag- och tarmföreningen i Stockholms län

Måndag 22 april anordnar forskare på Karolinska Institutet en eftermiddag som vänder sig till patienter med inflammatorisk tarmsjukdom (IBD) ...

Mag- och tarmföreningen i Stockholms län

En till Mag- och tarmförbundets Webbplatser webbplats
