{"id":1097,"date":"2023-10-18T09:15:48","date_gmt":"2023-10-18T07:15:48","guid":{"rendered":"http:\/\/magotarm.se\/ostergotlands-lansforening\/wp-content\/uploads\/sites\/28\/2023\/10\/1-Affisch-studiecirkel.png"},"modified":"2023-10-18T09:15:48","modified_gmt":"2023-10-18T07:15:48","slug":"1-affisch-studiecirkel","status":"inherit","type":"attachment","link":"https:\/\/magotarm.se\/ostergotlands-lansforening\/events\/studiecirkel-npf-o-mag-och-tarm-3\/1-affisch-studiecirkel\/","title":{"rendered":"1-Affisch-studiecirkel"},"author":33,"featured_media":0,"comment_status":"open","ping_status":"closed","template":"","meta":{"_acf_changed":false,"_links_to":"","_links_to_target":""},"class_list":["post-1097","attachment","type-attachment","status-inherit","hentry","wp-sticky"],"acf":[],"yoast_head":"<!-- This site is optimized with the Yoast SEO plugin v27.5 - https:\/\/yoast.com\/product\/yoast-seo-wordpress\/ -->\n<title>1-Affisch-studiecirkel - Mag- och tarmf\u00f6reningen i \u00d6sterg\u00f6tland<\/title>\n<meta name=\"robots\" content=\"index, follow, max-snippet:-1, max-image-preview:large, max-video-preview:-1\" \/>\n<link rel=\"canonical\" href=\"https:\/\/magotarm.se\/ostergotlands-lansforening\/wp-content\/uploads\/sites\/28\/2023\/10\/1-Affisch-studiecirkel.png\" \/>\n<meta property=\"og:locale\" content=\"sv_SE\" \/>\n<meta property=\"og:type\" content=\"article\" \/>\n<meta property=\"og:title\" content=\"1-Affisch-studiecirkel - Mag- och tarmf\u00f6reningen i \u00d6sterg\u00f6tland\" \/>\n<meta property=\"og:url\" content=\"https:\/\/magotarm.se\/ostergotlands-lansforening\/wp-content\/uploads\/sites\/28\/2023\/10\/1-Affisch-studiecirkel.png\" \/>\n<meta property=\"og:site_name\" content=\"Mag- och tarmf\u00f6reningen i \u00d6sterg\u00f6tland\" \/>\n<meta property=\"og:image\" content=\"https:\/\/magotarm.se\/ostergotlands-lansforening\/wp-content\/uploads\/sites\/28\/2023\/10\/1-Affisch-studiecirkel.png\" \/>\n\t<meta property=\"og:image:width\" content=\"1587\" \/>\n\t<meta property=\"og:image:height\" content=\"2245\" \/>\n\t<meta property=\"og:image:type\" content=\"image\/png\" \/>\n<meta name=\"twitter:card\" content=\"summary_large_image\" \/>\n<script type=\"application\/ld+json\" class=\"yoast-schema-graph\">{\"@context\":\"https:\\\/\\\/schema.org\",\"@graph\":[{\"@type\":\"WebPage\",\"@id\":\"https:\\\/\\\/magotarm.se\\\/ostergotlands-lansforening\\\/wp-content\\\/uploads\\\/sites\\\/28\\\/2023\\\/10\\\/1-Affisch-studiecirkel.png\",\"url\":\"https:\\\/\\\/magotarm.se\\\/ostergotlands-lansforening\\\/wp-content\\\/uploads\\\/sites\\\/28\\\/2023\\\/10\\\/1-Affisch-studiecirkel.png\",\"name\":\"1-Affisch-studiecirkel - Mag- och tarmf\u00f6reningen i \u00d6sterg\u00f6tland\",\"isPartOf\":{\"@id\":\"https:\\\/\\\/magotarm.se\\\/ostergotlands-lansforening\\\/#website\"},\"datePublished\":\"2023-10-18T07:15:48+00:00\",\"breadcrumb\":{\"@id\":\"https:\\\/\\\/magotarm.se\\\/ostergotlands-lansforening\\\/wp-content\\\/uploads\\\/sites\\\/28\\\/2023\\\/10\\\/1-Affisch-studiecirkel.png#breadcrumb\"},\"inLanguage\":\"sv-SE\",\"potentialAction\":[{\"@type\":\"ReadAction\",\"target\":[\"https:\\\/\\\/magotarm.se\\\/ostergotlands-lansforening\\\/wp-content\\\/uploads\\\/sites\\\/28\\\/2023\\\/10\\\/1-Affisch-studiecirkel.png\"]}]},{\"@type\":\"BreadcrumbList\",\"@id\":\"https:\\\/\\\/magotarm.se\\\/ostergotlands-lansforening\\\/wp-content\\\/uploads\\\/sites\\\/28\\\/2023\\\/10\\\/1-Affisch-studiecirkel.png#breadcrumb\",\"itemListElement\":[{\"@type\":\"ListItem\",\"position\":1,\"name\":\"Hem\",\"item\":\"https:\\\/\\\/magotarm.se\\\/ostergotlands-lansforening\\\/\"},{\"@type\":\"ListItem\",\"position\":2,\"name\":\"Studiecirkel NPF o Mag- och tarm\",\"item\":\"https:\\\/\\\/magotarm.se\\\/ostergotlands-lansforening\\\/events\\\/studiecirkel-npf-o-mag-och-tarm-3\\\/\"},{\"@type\":\"ListItem\",\"position\":3,\"name\":\"1-Affisch-studiecirkel\"}]},{\"@type\":\"WebSite\",\"@id\":\"https:\\\/\\\/magotarm.se\\\/ostergotlands-lansforening\\\/#website\",\"url\":\"https:\\\/\\\/magotarm.se\\\/ostergotlands-lansforening\\\/\",\"name\":\"Mag- och tarmf\u00f6reningen i \u00d6sterg\u00f6tland\",\"description\":\"En till Mag- och tarmf\u00f6rbundets Webbplatser webbplats\",\"potentialAction\":[{\"@type\":\"SearchAction\",\"target\":{\"@type\":\"EntryPoint\",\"urlTemplate\":\"https:\\\/\\\/magotarm.se\\\/ostergotlands-lansforening\\\/?s={search_term_string}\"},\"query-input\":{\"@type\":\"PropertyValueSpecification\",\"valueRequired\":true,\"valueName\":\"search_term_string\"}}],\"inLanguage\":\"sv-SE\"}]}<\/script>\n<!-- \/ Yoast SEO plugin. -->","yoast_head_json":{"title":"1-Affisch-studiecirkel - Mag- och tarmf\u00f6reningen i \u00d6sterg\u00f6tland","robots":{"index":"index","follow":"follow","max-snippet":"max-snippet:-1","max-image-preview":"max-image-preview:large","max-video-preview":"max-video-preview:-1"},"canonical":"https:\/\/magotarm.se\/ostergotlands-lansforening\/wp-content\/uploads\/sites\/28\/2023\/10\/1-Affisch-studiecirkel.png","og_locale":"sv_SE","og_type":"article","og_title":"1-Affisch-studiecirkel - Mag- och tarmf\u00f6reningen i \u00d6sterg\u00f6tland","og_url":"https:\/\/magotarm.se\/ostergotlands-lansforening\/wp-content\/uploads\/sites\/28\/2023\/10\/1-Affisch-studiecirkel.png","og_site_name":"Mag- och tarmf\u00f6reningen i \u00d6sterg\u00f6tland","og_image":[{"width":1587,"height":2245,"url":"https:\/\/magotarm.se\/ostergotlands-lansforening\/wp-content\/uploads\/sites\/28\/2023\/10\/1-Affisch-studiecirkel.png","type":"image\/png"}],"twitter_card":"summary_large_image","schema":{"@context":"https:\/\/schema.org","@graph":[{"@type":"WebPage","@id":"https:\/\/magotarm.se\/ostergotlands-lansforening\/wp-content\/uploads\/sites\/28\/2023\/10\/1-Affisch-studiecirkel.png","url":"https:\/\/magotarm.se\/ostergotlands-lansforening\/wp-content\/uploads\/sites\/28\/2023\/10\/1-Affisch-studiecirkel.png","name":"1-Affisch-studiecirkel - Mag- och tarmf\u00f6reningen i \u00d6sterg\u00f6tland","isPartOf":{"@id":"https:\/\/magotarm.se\/ostergotlands-lansforening\/#website"},"datePublished":"2023-10-18T07:15:48+00:00","breadcrumb":{"@id":"https:\/\/magotarm.se\/ostergotlands-lansforening\/wp-content\/uploads\/sites\/28\/2023\/10\/1-Affisch-studiecirkel.png#breadcrumb"},"inLanguage":"sv-SE","potentialAction":[{"@type":"ReadAction","target":["https:\/\/magotarm.se\/ostergotlands-lansforening\/wp-content\/uploads\/sites\/28\/2023\/10\/1-Affisch-studiecirkel.png"]}]},{"@type":"BreadcrumbList","@id":"https:\/\/magotarm.se\/ostergotlands-lansforening\/wp-content\/uploads\/sites\/28\/2023\/10\/1-Affisch-studiecirkel.png#breadcrumb","itemListElement":[{"@type":"ListItem","position":1,"name":"Hem","item":"https:\/\/magotarm.se\/ostergotlands-lansforening\/"},{"@type":"ListItem","position":2,"name":"Studiecirkel NPF o Mag- och tarm","item":"https:\/\/magotarm.se\/ostergotlands-lansforening\/events\/studiecirkel-npf-o-mag-och-tarm-3\/"},{"@type":"ListItem","position":3,"name":"1-Affisch-studiecirkel"}]},{"@type":"WebSite","@id":"https:\/\/magotarm.se\/ostergotlands-lansforening\/#website","url":"https:\/\/magotarm.se\/ostergotlands-lansforening\/","name":"Mag- och tarmf\u00f6reningen i \u00d6sterg\u00f6tland","description":"En till Mag- och tarmf\u00f6rbundets Webbplatser webbplats","potentialAction":[{"@type":"SearchAction","target":{"@type":"EntryPoint","urlTemplate":"https:\/\/magotarm.se\/ostergotlands-lansforening\/?s={search_term_string}"},"query-input":{"@type":"PropertyValueSpecification","valueRequired":true,"valueName":"search_term_string"}}],"inLanguage":"sv-SE"}]}},"description":{"rendered":"<p class=\"attachment\"><a href='https:\/\/magotarm.se\/ostergotlands-lansforening\/wp-content\/uploads\/sites\/28\/2023\/10\/1-Affisch-studiecirkel.png'><img loading=\"lazy\" decoding=\"async\" width=\"212\" height=\"300\" src=\"https:\/\/magotarm.se\/ostergotlands-lansforening\/wp-content\/uploads\/sites\/28\/2023\/10\/1-Affisch-studiecirkel-212x300.png\" class=\"attachment-medium size-medium\" alt=\"\" srcset=\"https:\/\/magotarm.se\/ostergotlands-lansforening\/wp-content\/uploads\/sites\/28\/2023\/10\/1-Affisch-studiecirkel-212x300.png 212w, https:\/\/magotarm.se\/ostergotlands-lansforening\/wp-content\/uploads\/sites\/28\/2023\/10\/1-Affisch-studiecirkel-724x1024.png 724w, https:\/\/magotarm.se\/ostergotlands-lansforening\/wp-content\/uploads\/sites\/28\/2023\/10\/1-Affisch-studiecirkel-768x1086.png 768w, https:\/\/magotarm.se\/ostergotlands-lansforening\/wp-content\/uploads\/sites\/28\/2023\/10\/1-Affisch-studiecirkel-1086x1536.png 1086w, https:\/\/magotarm.se\/ostergotlands-lansforening\/wp-content\/uploads\/sites\/28\/2023\/10\/1-Affisch-studiecirkel-1448x2048.png 1448w, https:\/\/magotarm.se\/ostergotlands-lansforening\/wp-content\/uploads\/sites\/28\/2023\/10\/1-Affisch-studiecirkel.png 1587w\" sizes=\"auto, (max-width: 212px) 100vw, 212px\" \/><\/a><\/p>\n"},"caption":{"rendered":""},"alt_text":"","media_type":"image","mime_type":"image\/png","media_details":{"width":1587,"height":2245,"file":"2023\/10\/1-Affisch-studiecirkel.png","filesize":631711,"sizes":{"medium":{"file":"1-Affisch-studiecirkel-212x300.png","width":212,"height":300,"filesize":55476,"mime_type":"image\/png","source_url":"https:\/\/magotarm.se\/ostergotlands-lansforening\/wp-content\/uploads\/sites\/28\/2023\/10\/1-Affisch-studiecirkel-212x300.png"},"large":{"file":"1-Affisch-studiecirkel-724x1024.png","width":724,"height":1024,"filesize":312830,"mime_type":"image\/png","source_url":"https:\/\/magotarm.se\/ostergotlands-lansforening\/wp-content\/uploads\/sites\/28\/2023\/10\/1-Affisch-studiecirkel-724x1024.png"},"thumbnail":{"file":"1-Affisch-studiecirkel-150x150.png","width":150,"height":150,"filesize":21694,"mime_type":"image\/png","source_url":"https:\/\/magotarm.se\/ostergotlands-lansforening\/wp-content\/uploads\/sites\/28\/2023\/10\/1-Affisch-studiecirkel-150x150.png"},"medium_large":{"file":"1-Affisch-studiecirkel-768x1086.png","width":768,"height":1086,"filesize":338658,"mime_type":"image\/png","source_url":"https:\/\/magotarm.se\/ostergotlands-lansforening\/wp-content\/uploads\/sites\/28\/2023\/10\/1-Affisch-studiecirkel-768x1086.png"},"1536x1536":{"file":"1-Affisch-studiecirkel-1086x1536.png","width":1086,"height":1536,"filesize":527208,"mime_type":"image\/png","source_url":"https:\/\/magotarm.se\/ostergotlands-lansforening\/wp-content\/uploads\/sites\/28\/2023\/10\/1-Affisch-studiecirkel-1086x1536.png"},"2048x2048":{"file":"1-Affisch-studiecirkel-1448x2048.png","width":1448,"height":2048,"filesize":756727,"mime_type":"image\/png","source_url":"https:\/\/magotarm.se\/ostergotlands-lansforening\/wp-content\/uploads\/sites\/28\/2023\/10\/1-Affisch-studiecirkel-1448x2048.png"},"post-thumbnail":{"file":"1-Affisch-studiecirkel-125x125.png","width":125,"height":125,"filesize":16320,"mime_type":"image\/png","source_url":"https:\/\/magotarm.se\/ostergotlands-lansforening\/wp-content\/uploads\/sites\/28\/2023\/10\/1-Affisch-studiecirkel-125x125.png"},"post-thumb":{"file":"1-Affisch-studiecirkel-667x495.png","width":667,"height":495,"filesize":148260,"mime_type":"image\/png","source_url":"https:\/\/magotarm.se\/ostergotlands-lansforening\/wp-content\/uploads\/sites\/28\/2023\/10\/1-Affisch-studiecirkel-667x495.png"},"square-thumb":{"file":"1-Affisch-studiecirkel-667x667.png","width":667,"height":667,"filesize":190740,"mime_type":"image\/png","source_url":"https:\/\/magotarm.se\/ostergotlands-lansforening\/wp-content\/uploads\/sites\/28\/2023\/10\/1-Affisch-studiecirkel-667x667.png"},"high-thumb":{"file":"1-Affisch-studiecirkel-667x847.png","width":667,"height":847,"filesize":246917,"mime_type":"image\/png","source_url":"https:\/\/magotarm.se\/ostergotlands-lansforening\/wp-content\/uploads\/sites\/28\/2023\/10\/1-Affisch-studiecirkel-667x847.png"},"slider":{"file":"1-Affisch-studiecirkel-1024x576.png","width":1024,"height":576,"filesize":237502,"mime_type":"image\/png","source_url":"https:\/\/magotarm.se\/ostergotlands-lansforening\/wp-content\/uploads\/sites\/28\/2023\/10\/1-Affisch-studiecirkel-1024x576.png"},"page":{"file":"1-Affisch-studiecirkel-970x576.png","width":970,"height":576,"filesize":222517,"mime_type":"image\/png","source_url":"https:\/\/magotarm.se\/ostergotlands-lansforening\/wp-content\/uploads\/sites\/28\/2023\/10\/1-Affisch-studiecirkel-970x576.png"},"full":{"file":"1-Affisch-studiecirkel.png","width":1587,"height":2245,"mime_type":"image\/png","source_url":"https:\/\/magotarm.se\/ostergotlands-lansforening\/wp-content\/uploads\/sites\/28\/2023\/10\/1-Affisch-studiecirkel.png"}},"image_meta":{"aperture":"0","credit":"","camera":"","caption":"","created_timestamp":"0","copyright":"","focal_length":"0","iso":"0","shutter_speed":"0","title":"","orientation":"0","keywords":[]}},"post":1074,"source_url":"https:\/\/magotarm.se\/ostergotlands-lansforening\/wp-content\/uploads\/sites\/28\/2023\/10\/1-Affisch-studiecirkel.png","_links":{"self":[{"href":"https:\/\/magotarm.se\/ostergotlands-lansforening\/wp-json\/wp\/v2\/media\/1097","targetHints":{"allow":["GET"]}}],"collection":[{"href":"https:\/\/magotarm.se\/ostergotlands-lansforening\/wp-json\/wp\/v2\/media"}],"about":[{"href":"https:\/\/magotarm.se\/ostergotlands-lansforening\/wp-json\/wp\/v2\/types\/attachment"}],"author":[{"embeddable":true,"href":"https:\/\/magotarm.se\/ostergotlands-lansforening\/wp-json\/wp\/v2\/users\/33"}],"replies":[{"embeddable":true,"href":"https:\/\/magotarm.se\/ostergotlands-lansforening\/wp-json\/wp\/v2\/comments?post=1097"}],"wp:attached-to":[{"embeddable":true,"post_type":"ajde_events","id":1074,"href":"https:\/\/magotarm.se\/ostergotlands-lansforening\/wp-json\/wp\/v2\/ajde_events\/1074"}],"curies":[{"name":"wp","href":"https:\/\/api.w.org\/{rel}","templated":true}]}}

<!-- This site is optimized with the Yoast SEO plugin v27.5 - https://yoast.com/product/yoast-seo-wordpress/ -->
<title>1-Affisch-studiecirkel - Mag- och tarmföreningen i Östergötland</title>
<meta name="robots" content="index, follow, max-snippet:-1, max-image-preview:large, max-video-preview:-1" />
<link rel="canonical" href="https://magotarm.se/ostergotlands-lansforening/wp-content/uploads/sites/28/2023/10/1-Affisch-studiecirkel.png" />
<meta property="og:locale" content="sv_SE" />
<meta property="og:type" content="article" />
<meta property="og:title" content="1-Affisch-studiecirkel - Mag- och tarmföreningen i Östergötland" />
<meta property="og:url" content="https://magotarm.se/ostergotlands-lansforening/wp-content/uploads/sites/28/2023/10/1-Affisch-studiecirkel.png" />
<meta property="og:site_name" content="Mag- och tarmföreningen i Östergötland" />
<meta property="og:image" content="https://magotarm.se/ostergotlands-lansforening/wp-content/uploads/sites/28/2023/10/1-Affisch-studiecirkel.png" />
	<meta property="og:image:width" content="1587" />
	<meta property="og:image:height" content="2245" />
	<meta property="og:image:type" content="image/png" />
<meta name="twitter:card" content="summary_large_image" />
<script type="application/ld+json" class="yoast-schema-graph">{"@context":"https:\/\/schema.org","@graph":[{"@type":"WebPage","@id":"https:\/\/magotarm.se\/ostergotlands-lansforening\/wp-content\/uploads\/sites\/28\/2023\/10\/1-Affisch-studiecirkel.png","url":"https:\/\/magotarm.se\/ostergotlands-lansforening\/wp-content\/uploads\/sites\/28\/2023\/10\/1-Affisch-studiecirkel.png","name":"1-Affisch-studiecirkel - Mag- och tarmföreningen i Östergötland","isPartOf":{"@id":"https:\/\/magotarm.se\/ostergotlands-lansforening\/#website"},"datePublished":"2023-10-18T07:15:48+00:00","breadcrumb":{"@id":"https:\/\/magotarm.se\/ostergotlands-lansforening\/wp-content\/uploads\/sites\/28\/2023\/10\/1-Affisch-studiecirkel.png#breadcrumb"},"inLanguage":"sv-SE","potentialAction":[{"@type":"ReadAction","target":["https:\/\/magotarm.se\/ostergotlands-lansforening\/wp-content\/uploads\/sites\/28\/2023\/10\/1-Affisch-studiecirkel.png"]}]},{"@type":"BreadcrumbList","@id":"https:\/\/magotarm.se\/ostergotlands-lansforening\/wp-content\/uploads\/sites\/28\/2023\/10\/1-Affisch-studiecirkel.png#breadcrumb","itemListElement":[{"@type":"ListItem","position":1,"name":"Hem","item":"https:\/\/magotarm.se\/ostergotlands-lansforening\/"},{"@type":"ListItem","position":2,"name":"Studiecirkel NPF o Mag- och tarm","item":"https:\/\/magotarm.se\/ostergotlands-lansforening\/events\/studiecirkel-npf-o-mag-och-tarm-3\/"},{"@type":"ListItem","position":3,"name":"1-Affisch-studiecirkel"}]},{"@type":"WebSite","@id":"https:\/\/magotarm.se\/ostergotlands-lansforening\/#website","url":"https:\/\/magotarm.se\/ostergotlands-lansforening\/","name":"Mag- och tarmföreningen i Östergötland","description":"En till Mag- och tarmförbundets Webbplatser webbplats","potentialAction":[{"@type":"SearchAction","target":{"@type":"EntryPoint","urlTemplate":"https:\/\/magotarm.se\/ostergotlands-lansforening\/?s={search_term_string}"},"query-input":{"@type":"PropertyValueSpecification","valueRequired":true,"valueName":"search_term_string"}}],"inLanguage":"sv-SE"}]}</script>
<!-- / Yoast SEO plugin. -->

1-Affisch-studiecirkel - Mag- och tarmföreningen i Östergötland

Mag- och tarmföreningen i Östergötland

En till Mag- och tarmförbundets Webbplatser webbplats
