{"id":469,"date":"2021-06-24T09:40:17","date_gmt":"2021-06-24T07:40:17","guid":{"rendered":"http:\/\/magotarm.se\/orebro-lansforening\/wp-content\/uploads\/sites\/27\/2021\/06\/Kom-och-tr\u00e4ffa-oss.pdf"},"modified":"2021-06-24T09:40:17","modified_gmt":"2021-06-24T07:40:17","slug":"kom-och-traffa-oss","status":"inherit","type":"attachment","link":"https:\/\/magotarm.se\/orebro-lansforening\/2021\/06\/kom-och-traffa-oss\/kom-och-traffa-oss\/","title":{"rendered":"Kom och tr\u00e4ffa oss"},"author":3,"featured_media":0,"comment_status":"open","ping_status":"closed","template":"","meta":{"_acf_changed":false,"_links_to":"","_links_to_target":""},"class_list":["post-469","attachment","type-attachment","status-inherit","hentry","wp-sticky"],"acf":[],"yoast_head":"<!-- This site is optimized with the Yoast SEO plugin v27.5 - https:\/\/yoast.com\/product\/yoast-seo-wordpress\/ -->\n<title>Kom och tr\u00e4ffa oss - Mag- och tarmf\u00f6reningen i \u00d6rebro l\u00e4n<\/title>\n<meta name=\"robots\" content=\"index, follow, max-snippet:-1, max-image-preview:large, max-video-preview:-1\" \/>\n<link rel=\"canonical\" href=\"https:\/\/magotarm.se\/orebro-lansforening\/wp-content\/uploads\/sites\/27\/2021\/06\/Kom-och-tr\u00e4ffa-oss.pdf\" \/>\n<meta property=\"og:locale\" content=\"sv_SE\" \/>\n<meta property=\"og:type\" content=\"article\" \/>\n<meta property=\"og:title\" content=\"Kom och tr\u00e4ffa oss - Mag- och tarmf\u00f6reningen i \u00d6rebro l\u00e4n\" \/>\n<meta property=\"og:description\" content=\"Kom och tr\u00e4ffa oss\" \/>\n<meta property=\"og:url\" content=\"https:\/\/magotarm.se\/orebro-lansforening\/wp-content\/uploads\/sites\/27\/2021\/06\/Kom-och-tr\u00e4ffa-oss.pdf\" \/>\n<meta property=\"og:site_name\" content=\"Mag- och tarmf\u00f6reningen i \u00d6rebro l\u00e4n\" \/>\n<meta name=\"twitter:card\" content=\"summary_large_image\" \/>\n<script type=\"application\/ld+json\" class=\"yoast-schema-graph\">{\"@context\":\"https:\\\/\\\/schema.org\",\"@graph\":[{\"@type\":\"WebPage\",\"@id\":\"https:\\\/\\\/magotarm.se\\\/orebro-lansforening\\\/wp-content\\\/uploads\\\/sites\\\/27\\\/2021\\\/06\\\/Kom-och-tr\u00e4ffa-oss.pdf\",\"url\":\"https:\\\/\\\/magotarm.se\\\/orebro-lansforening\\\/wp-content\\\/uploads\\\/sites\\\/27\\\/2021\\\/06\\\/Kom-och-tr\u00e4ffa-oss.pdf\",\"name\":\"Kom och tr\u00e4ffa oss - Mag- och tarmf\u00f6reningen i \u00d6rebro l\u00e4n\",\"isPartOf\":{\"@id\":\"https:\\\/\\\/magotarm.se\\\/orebro-lansforening\\\/#website\"},\"datePublished\":\"2021-06-24T07:40:17+00:00\",\"breadcrumb\":{\"@id\":\"https:\\\/\\\/magotarm.se\\\/orebro-lansforening\\\/wp-content\\\/uploads\\\/sites\\\/27\\\/2021\\\/06\\\/Kom-och-tr\u00e4ffa-oss.pdf#breadcrumb\"},\"inLanguage\":\"sv-SE\",\"potentialAction\":[{\"@type\":\"ReadAction\",\"target\":[\"https:\\\/\\\/magotarm.se\\\/orebro-lansforening\\\/wp-content\\\/uploads\\\/sites\\\/27\\\/2021\\\/06\\\/Kom-och-tr\u00e4ffa-oss.pdf\"]}]},{\"@type\":\"BreadcrumbList\",\"@id\":\"https:\\\/\\\/magotarm.se\\\/orebro-lansforening\\\/wp-content\\\/uploads\\\/sites\\\/27\\\/2021\\\/06\\\/Kom-och-tr\u00e4ffa-oss.pdf#breadcrumb\",\"itemListElement\":[{\"@type\":\"ListItem\",\"position\":1,\"name\":\"Hem\",\"item\":\"https:\\\/\\\/magotarm.se\\\/orebro-lansforening\\\/\"},{\"@type\":\"ListItem\",\"position\":2,\"name\":\"Kom och tr\u00e4ffa oss!\",\"item\":\"https:\\\/\\\/magotarm.se\\\/orebro-lansforening\\\/2021\\\/06\\\/kom-och-traffa-oss\\\/\"},{\"@type\":\"ListItem\",\"position\":3,\"name\":\"Kom och tr\u00e4ffa oss\"}]},{\"@type\":\"WebSite\",\"@id\":\"https:\\\/\\\/magotarm.se\\\/orebro-lansforening\\\/#website\",\"url\":\"https:\\\/\\\/magotarm.se\\\/orebro-lansforening\\\/\",\"name\":\"Mag- och tarmf\u00f6reningen i \u00d6rebro l\u00e4n\",\"description\":\"En till Mag- och tarmf\u00f6rbundets Webbplatser webbplats\",\"potentialAction\":[{\"@type\":\"SearchAction\",\"target\":{\"@type\":\"EntryPoint\",\"urlTemplate\":\"https:\\\/\\\/magotarm.se\\\/orebro-lansforening\\\/?s={search_term_string}\"},\"query-input\":{\"@type\":\"PropertyValueSpecification\",\"valueRequired\":true,\"valueName\":\"search_term_string\"}}],\"inLanguage\":\"sv-SE\"}]}<\/script>\n<!-- \/ Yoast SEO plugin. -->","yoast_head_json":{"title":"Kom och tr\u00e4ffa oss - Mag- och tarmf\u00f6reningen i \u00d6rebro l\u00e4n","robots":{"index":"index","follow":"follow","max-snippet":"max-snippet:-1","max-image-preview":"max-image-preview:large","max-video-preview":"max-video-preview:-1"},"canonical":"https:\/\/magotarm.se\/orebro-lansforening\/wp-content\/uploads\/sites\/27\/2021\/06\/Kom-och-tr\u00e4ffa-oss.pdf","og_locale":"sv_SE","og_type":"article","og_title":"Kom och tr\u00e4ffa oss - Mag- och tarmf\u00f6reningen i \u00d6rebro l\u00e4n","og_description":"Kom och tr\u00e4ffa oss","og_url":"https:\/\/magotarm.se\/orebro-lansforening\/wp-content\/uploads\/sites\/27\/2021\/06\/Kom-och-tr\u00e4ffa-oss.pdf","og_site_name":"Mag- och tarmf\u00f6reningen i \u00d6rebro l\u00e4n","twitter_card":"summary_large_image","schema":{"@context":"https:\/\/schema.org","@graph":[{"@type":"WebPage","@id":"https:\/\/magotarm.se\/orebro-lansforening\/wp-content\/uploads\/sites\/27\/2021\/06\/Kom-och-tr\u00e4ffa-oss.pdf","url":"https:\/\/magotarm.se\/orebro-lansforening\/wp-content\/uploads\/sites\/27\/2021\/06\/Kom-och-tr\u00e4ffa-oss.pdf","name":"Kom och tr\u00e4ffa oss - Mag- och tarmf\u00f6reningen i \u00d6rebro l\u00e4n","isPartOf":{"@id":"https:\/\/magotarm.se\/orebro-lansforening\/#website"},"datePublished":"2021-06-24T07:40:17+00:00","breadcrumb":{"@id":"https:\/\/magotarm.se\/orebro-lansforening\/wp-content\/uploads\/sites\/27\/2021\/06\/Kom-och-tr\u00e4ffa-oss.pdf#breadcrumb"},"inLanguage":"sv-SE","potentialAction":[{"@type":"ReadAction","target":["https:\/\/magotarm.se\/orebro-lansforening\/wp-content\/uploads\/sites\/27\/2021\/06\/Kom-och-tr\u00e4ffa-oss.pdf"]}]},{"@type":"BreadcrumbList","@id":"https:\/\/magotarm.se\/orebro-lansforening\/wp-content\/uploads\/sites\/27\/2021\/06\/Kom-och-tr\u00e4ffa-oss.pdf#breadcrumb","itemListElement":[{"@type":"ListItem","position":1,"name":"Hem","item":"https:\/\/magotarm.se\/orebro-lansforening\/"},{"@type":"ListItem","position":2,"name":"Kom och tr\u00e4ffa oss!","item":"https:\/\/magotarm.se\/orebro-lansforening\/2021\/06\/kom-och-traffa-oss\/"},{"@type":"ListItem","position":3,"name":"Kom och tr\u00e4ffa oss"}]},{"@type":"WebSite","@id":"https:\/\/magotarm.se\/orebro-lansforening\/#website","url":"https:\/\/magotarm.se\/orebro-lansforening\/","name":"Mag- och tarmf\u00f6reningen i \u00d6rebro l\u00e4n","description":"En till Mag- och tarmf\u00f6rbundets Webbplatser webbplats","potentialAction":[{"@type":"SearchAction","target":{"@type":"EntryPoint","urlTemplate":"https:\/\/magotarm.se\/orebro-lansforening\/?s={search_term_string}"},"query-input":{"@type":"PropertyValueSpecification","valueRequired":true,"valueName":"search_term_string"}}],"inLanguage":"sv-SE"}]}},"description":{"rendered":"<p class=\"attachment\"><a href='https:\/\/magotarm.se\/orebro-lansforening\/wp-content\/uploads\/sites\/27\/2021\/06\/Kom-och-tr\u00e4ffa-oss.pdf'>Kom och tr\u00e4ffa oss<\/a><\/p>\n"},"caption":{"rendered":"<p>Kom och tr\u00e4ffa oss<\/p>\n"},"alt_text":"","media_type":"file","mime_type":"application\/pdf","media_details":{},"post":468,"source_url":"https:\/\/magotarm.se\/orebro-lansforening\/wp-content\/uploads\/sites\/27\/2021\/06\/Kom-och-tr\u00e4ffa-oss.pdf","_links":{"self":[{"href":"https:\/\/magotarm.se\/orebro-lansforening\/wp-json\/wp\/v2\/media\/469","targetHints":{"allow":["GET"]}}],"collection":[{"href":"https:\/\/magotarm.se\/orebro-lansforening\/wp-json\/wp\/v2\/media"}],"about":[{"href":"https:\/\/magotarm.se\/orebro-lansforening\/wp-json\/wp\/v2\/types\/attachment"}],"author":[{"embeddable":true,"href":"https:\/\/magotarm.se\/orebro-lansforening\/wp-json\/wp\/v2\/users\/3"}],"replies":[{"embeddable":true,"href":"https:\/\/magotarm.se\/orebro-lansforening\/wp-json\/wp\/v2\/comments?post=469"}],"wp:attached-to":[{"embeddable":true,"post_type":"post","id":468,"href":"https:\/\/magotarm.se\/orebro-lansforening\/wp-json\/wp\/v2\/posts\/468"}],"curies":[{"name":"wp","href":"https:\/\/api.w.org\/{rel}","templated":true}]}}

http://magotarm.se/orebro-lansforening/wp-content/uploads/sites/27/2021/06/Kom-och-träffa-oss.pdf

Kom och träffa oss

<!-- This site is optimized with the Yoast SEO plugin v27.5 - https://yoast.com/product/yoast-seo-wordpress/ -->
<title>Kom och träffa oss - Mag- och tarmföreningen i Örebro län</title>
<meta name="robots" content="index, follow, max-snippet:-1, max-image-preview:large, max-video-preview:-1" />
<link rel="canonical" href="https://magotarm.se/orebro-lansforening/wp-content/uploads/sites/27/2021/06/Kom-och-träffa-oss.pdf" />
<meta property="og:locale" content="sv_SE" />
<meta property="og:type" content="article" />
<meta property="og:title" content="Kom och träffa oss - Mag- och tarmföreningen i Örebro län" />
<meta property="og:description" content="Kom och träffa oss" />
<meta property="og:url" content="https://magotarm.se/orebro-lansforening/wp-content/uploads/sites/27/2021/06/Kom-och-träffa-oss.pdf" />
<meta property="og:site_name" content="Mag- och tarmföreningen i Örebro län" />
<meta name="twitter:card" content="summary_large_image" />
<script type="application/ld+json" class="yoast-schema-graph">{"@context":"https:\/\/schema.org","@graph":[{"@type":"WebPage","@id":"https:\/\/magotarm.se\/orebro-lansforening\/wp-content\/uploads\/sites\/27\/2021\/06\/Kom-och-träffa-oss.pdf","url":"https:\/\/magotarm.se\/orebro-lansforening\/wp-content\/uploads\/sites\/27\/2021\/06\/Kom-och-träffa-oss.pdf","name":"Kom och träffa oss - Mag- och tarmföreningen i Örebro län","isPartOf":{"@id":"https:\/\/magotarm.se\/orebro-lansforening\/#website"},"datePublished":"2021-06-24T07:40:17+00:00","breadcrumb":{"@id":"https:\/\/magotarm.se\/orebro-lansforening\/wp-content\/uploads\/sites\/27\/2021\/06\/Kom-och-träffa-oss.pdf#breadcrumb"},"inLanguage":"sv-SE","potentialAction":[{"@type":"ReadAction","target":["https:\/\/magotarm.se\/orebro-lansforening\/wp-content\/uploads\/sites\/27\/2021\/06\/Kom-och-träffa-oss.pdf"]}]},{"@type":"BreadcrumbList","@id":"https:\/\/magotarm.se\/orebro-lansforening\/wp-content\/uploads\/sites\/27\/2021\/06\/Kom-och-träffa-oss.pdf#breadcrumb","itemListElement":[{"@type":"ListItem","position":1,"name":"Hem","item":"https:\/\/magotarm.se\/orebro-lansforening\/"},{"@type":"ListItem","position":2,"name":"Kom och träffa oss!","item":"https:\/\/magotarm.se\/orebro-lansforening\/2021\/06\/kom-och-traffa-oss\/"},{"@type":"ListItem","position":3,"name":"Kom och träffa oss"}]},{"@type":"WebSite","@id":"https:\/\/magotarm.se\/orebro-lansforening\/#website","url":"https:\/\/magotarm.se\/orebro-lansforening\/","name":"Mag- och tarmföreningen i Örebro län","description":"En till Mag- och tarmförbundets Webbplatser webbplats","potentialAction":[{"@type":"SearchAction","target":{"@type":"EntryPoint","urlTemplate":"https:\/\/magotarm.se\/orebro-lansforening\/?s={search_term_string}"},"query-input":{"@type":"PropertyValueSpecification","valueRequired":true,"valueName":"search_term_string"}}],"inLanguage":"sv-SE"}]}</script>
<!-- / Yoast SEO plugin. -->

Kom och träffa oss - Mag- och tarmföreningen i Örebro län

https://magotarm.se/orebro-lansforening/wp-content/uploads/sites/27/2021/06/Kom-och-träffa-oss.pdf

Mag- och tarmföreningen i Örebro län

https://magotarm.se/orebro-lansforening/wp-content/uploads/sites/27/2021/06/Kom-och-träffa-oss.pdf#breadcrumb

Kom och träffa oss!

En till Mag- och tarmförbundets Webbplatser webbplats

<p class="attachment"><a href='https://magotarm.se/orebro-lansforening/wp-content/uploads/sites/27/2021/06/Kom-och-träffa-oss.pdf'>Kom och träffa oss</a></p>

<p>Kom och träffa oss</p>
