{"id":456,"date":"2018-11-08T10:41:04","date_gmt":"2018-11-08T09:41:04","guid":{"rendered":"http:\/\/magotarm.se\/goteborgs-lokalavdelning\/?page_id=456"},"modified":"2021-09-27T16:56:50","modified_gmt":"2021-09-27T14:56:50","slug":"bildgalleri","status":"publish","type":"page","link":"https:\/\/magotarm.se\/goteborgs-lokalavdelning\/bildgalleri\/","title":{"rendered":"Bildgalleri"},"content":{"rendered":"<div id=\"attachment_882\" style=\"width: 250px\" class=\"wp-caption alignright\"><img loading=\"lazy\" decoding=\"async\" aria-describedby=\"caption-attachment-882\" class=\"wp-image-882 size-full\" src=\"http:\/\/magotarm.se\/goteborgs-lokalavdelning\/wp-content\/uploads\/sites\/9\/2021\/09\/Lisbeth-Ekman-70-\u00e5r-firades-p\u00e5-Lilla-Amund\u00f6n-26-aug-21-e1631093059394.jpg\" alt=\"\" width=\"240\" height=\"320\" srcset=\"https:\/\/magotarm.se\/goteborgs-lokalavdelning\/wp-content\/uploads\/sites\/9\/2021\/09\/Lisbeth-Ekman-70-\u00e5r-firades-p\u00e5-Lilla-Amund\u00f6n-26-aug-21-e1631093059394.jpg 240w, https:\/\/magotarm.se\/goteborgs-lokalavdelning\/wp-content\/uploads\/sites\/9\/2021\/09\/Lisbeth-Ekman-70-\u00e5r-firades-p\u00e5-Lilla-Amund\u00f6n-26-aug-21-e1631093059394-225x300.jpg 225w\" sizes=\"auto, (max-width: 240px) 100vw, 240px\" \/><p id=\"caption-attachment-882\" class=\"wp-caption-text\">Lisbeth Ekman, Mag- och tarmf\u00f6reningen i G\u00f6teborgsomr\u00e5dets ordf\u00f6rande, firades p\u00e5 Lilla Amund\u00f6n den 26 augusti.<\/p><\/div>\n","protected":false},"excerpt":{"rendered":"","protected":false},"author":3,"featured_media":0,"parent":0,"menu_order":0,"comment_status":"closed","ping_status":"closed","template":"page-entrypage.php","meta":{"_acf_changed":false,"footnotes":"","_links_to":"","_links_to_target":""},"class_list":["post-456","page","type-page","status-publish","hentry","wp-sticky"],"acf":[],"yoast_head":"<!-- This site is optimized with the Yoast SEO plugin v27.6 - https:\/\/yoast.com\/product\/yoast-seo-wordpress\/ -->\n<title>Bildgalleri - Mag- och tarmf\u00f6reningen i G\u00f6teborgsomr\u00e5det<\/title>\n<meta name=\"robots\" content=\"index, follow, max-snippet:-1, max-image-preview:large, max-video-preview:-1\" \/>\n<link rel=\"canonical\" href=\"https:\/\/magotarm.se\/goteborgs-lokalavdelning\/bildgalleri\/\" \/>\n<meta property=\"og:locale\" content=\"sv_SE\" \/>\n<meta property=\"og:type\" content=\"article\" \/>\n<meta property=\"og:title\" content=\"Bildgalleri - Mag- och tarmf\u00f6reningen i G\u00f6teborgsomr\u00e5det\" \/>\n<meta property=\"og:url\" content=\"https:\/\/magotarm.se\/goteborgs-lokalavdelning\/bildgalleri\/\" \/>\n<meta property=\"og:site_name\" content=\"Mag- och tarmf\u00f6reningen i G\u00f6teborgsomr\u00e5det\" \/>\n<meta property=\"article:modified_time\" content=\"2021-09-27T14:56:50+00:00\" \/>\n<meta name=\"twitter:card\" content=\"summary_large_image\" \/>\n<script type=\"application\/ld+json\" class=\"yoast-schema-graph\">{\"@context\":\"https:\\\/\\\/schema.org\",\"@graph\":[{\"@type\":\"WebPage\",\"@id\":\"https:\\\/\\\/magotarm.se\\\/goteborgs-lokalavdelning\\\/bildgalleri\\\/\",\"url\":\"https:\\\/\\\/magotarm.se\\\/goteborgs-lokalavdelning\\\/bildgalleri\\\/\",\"name\":\"Bildgalleri - Mag- och tarmf\u00f6reningen i G\u00f6teborgsomr\u00e5det\",\"isPartOf\":{\"@id\":\"https:\\\/\\\/magotarm.se\\\/goteborgs-lokalavdelning\\\/#website\"},\"datePublished\":\"2018-11-08T09:41:04+00:00\",\"dateModified\":\"2021-09-27T14:56:50+00:00\",\"breadcrumb\":{\"@id\":\"https:\\\/\\\/magotarm.se\\\/goteborgs-lokalavdelning\\\/bildgalleri\\\/#breadcrumb\"},\"inLanguage\":\"sv-SE\",\"potentialAction\":[{\"@type\":\"ReadAction\",\"target\":[\"https:\\\/\\\/magotarm.se\\\/goteborgs-lokalavdelning\\\/bildgalleri\\\/\"]}]},{\"@type\":\"BreadcrumbList\",\"@id\":\"https:\\\/\\\/magotarm.se\\\/goteborgs-lokalavdelning\\\/bildgalleri\\\/#breadcrumb\",\"itemListElement\":[{\"@type\":\"ListItem\",\"position\":1,\"name\":\"Hem\",\"item\":\"https:\\\/\\\/magotarm.se\\\/goteborgs-lokalavdelning\\\/\"},{\"@type\":\"ListItem\",\"position\":2,\"name\":\"Bildgalleri\"}]},{\"@type\":\"WebSite\",\"@id\":\"https:\\\/\\\/magotarm.se\\\/goteborgs-lokalavdelning\\\/#website\",\"url\":\"https:\\\/\\\/magotarm.se\\\/goteborgs-lokalavdelning\\\/\",\"name\":\"Mag- och tarmf\u00f6reningen i G\u00f6teborgsomr\u00e5det\",\"description\":\"En till Mag- och tarmf\u00f6rbundets Webbplatser webbplats\",\"potentialAction\":[{\"@type\":\"SearchAction\",\"target\":{\"@type\":\"EntryPoint\",\"urlTemplate\":\"https:\\\/\\\/magotarm.se\\\/goteborgs-lokalavdelning\\\/?s={search_term_string}\"},\"query-input\":{\"@type\":\"PropertyValueSpecification\",\"valueRequired\":true,\"valueName\":\"search_term_string\"}}],\"inLanguage\":\"sv-SE\"}]}<\/script>\n<!-- \/ Yoast SEO plugin. -->","yoast_head_json":{"title":"Bildgalleri - Mag- och tarmf\u00f6reningen i G\u00f6teborgsomr\u00e5det","robots":{"index":"index","follow":"follow","max-snippet":"max-snippet:-1","max-image-preview":"max-image-preview:large","max-video-preview":"max-video-preview:-1"},"canonical":"https:\/\/magotarm.se\/goteborgs-lokalavdelning\/bildgalleri\/","og_locale":"sv_SE","og_type":"article","og_title":"Bildgalleri - Mag- och tarmf\u00f6reningen i G\u00f6teborgsomr\u00e5det","og_url":"https:\/\/magotarm.se\/goteborgs-lokalavdelning\/bildgalleri\/","og_site_name":"Mag- och tarmf\u00f6reningen i G\u00f6teborgsomr\u00e5det","article_modified_time":"2021-09-27T14:56:50+00:00","twitter_card":"summary_large_image","schema":{"@context":"https:\/\/schema.org","@graph":[{"@type":"WebPage","@id":"https:\/\/magotarm.se\/goteborgs-lokalavdelning\/bildgalleri\/","url":"https:\/\/magotarm.se\/goteborgs-lokalavdelning\/bildgalleri\/","name":"Bildgalleri - Mag- och tarmf\u00f6reningen i G\u00f6teborgsomr\u00e5det","isPartOf":{"@id":"https:\/\/magotarm.se\/goteborgs-lokalavdelning\/#website"},"datePublished":"2018-11-08T09:41:04+00:00","dateModified":"2021-09-27T14:56:50+00:00","breadcrumb":{"@id":"https:\/\/magotarm.se\/goteborgs-lokalavdelning\/bildgalleri\/#breadcrumb"},"inLanguage":"sv-SE","potentialAction":[{"@type":"ReadAction","target":["https:\/\/magotarm.se\/goteborgs-lokalavdelning\/bildgalleri\/"]}]},{"@type":"BreadcrumbList","@id":"https:\/\/magotarm.se\/goteborgs-lokalavdelning\/bildgalleri\/#breadcrumb","itemListElement":[{"@type":"ListItem","position":1,"name":"Hem","item":"https:\/\/magotarm.se\/goteborgs-lokalavdelning\/"},{"@type":"ListItem","position":2,"name":"Bildgalleri"}]},{"@type":"WebSite","@id":"https:\/\/magotarm.se\/goteborgs-lokalavdelning\/#website","url":"https:\/\/magotarm.se\/goteborgs-lokalavdelning\/","name":"Mag- och tarmf\u00f6reningen i G\u00f6teborgsomr\u00e5det","description":"En till Mag- och tarmf\u00f6rbundets Webbplatser webbplats","potentialAction":[{"@type":"SearchAction","target":{"@type":"EntryPoint","urlTemplate":"https:\/\/magotarm.se\/goteborgs-lokalavdelning\/?s={search_term_string}"},"query-input":{"@type":"PropertyValueSpecification","valueRequired":true,"valueName":"search_term_string"}}],"inLanguage":"sv-SE"}]}},"_links":{"self":[{"href":"https:\/\/magotarm.se\/goteborgs-lokalavdelning\/wp-json\/wp\/v2\/pages\/456","targetHints":{"allow":["GET"]}}],"collection":[{"href":"https:\/\/magotarm.se\/goteborgs-lokalavdelning\/wp-json\/wp\/v2\/pages"}],"about":[{"href":"https:\/\/magotarm.se\/goteborgs-lokalavdelning\/wp-json\/wp\/v2\/types\/page"}],"author":[{"embeddable":true,"href":"https:\/\/magotarm.se\/goteborgs-lokalavdelning\/wp-json\/wp\/v2\/users\/3"}],"replies":[{"embeddable":true,"href":"https:\/\/magotarm.se\/goteborgs-lokalavdelning\/wp-json\/wp\/v2\/comments?post=456"}],"version-history":[{"count":5,"href":"https:\/\/magotarm.se\/goteborgs-lokalavdelning\/wp-json\/wp\/v2\/pages\/456\/revisions"}],"predecessor-version":[{"id":926,"href":"https:\/\/magotarm.se\/goteborgs-lokalavdelning\/wp-json\/wp\/v2\/pages\/456\/revisions\/926"}],"wp:attachment":[{"href":"https:\/\/magotarm.se\/goteborgs-lokalavdelning\/wp-json\/wp\/v2\/media?parent=456"}],"curies":[{"name":"wp","href":"https:\/\/api.w.org\/{rel}","templated":true}]}}