{"id":411,"date":"2018-08-23T13:55:26","date_gmt":"2018-08-23T11:55:26","guid":{"rendered":"http:\/\/magotarm.se\/goteborgs-lokalavdelning\/?page_id=411"},"modified":"2025-10-02T11:37:41","modified_gmt":"2025-10-02T09:37:41","slug":"idrott","status":"publish","type":"page","link":"https:\/\/magotarm.se\/goteborgs-lokalavdelning\/idrott\/","title":{"rendered":"Idrott"},"content":{"rendered":"\n<h2 class=\"wp-block-heading\">Tips: G\u00f6teborg Open 2025 \u2013 en stor parasportt\u00e4vling i G\u00f6teborg!<\/h2>\n\n\n\n<p>Vi vill g\u00e4rna tipsa om <strong>G\u00f6teborg Open 2025<\/strong>, som arrangeras den 21-23 november p\u00e5 Prioritet Serneke Arena i G\u00f6teborg. Detta \u00e4r en av Sveriges st\u00f6rsta parasportt\u00e4vlingar f\u00f6r barn och ungdomar fr\u00e5n 7 \u00e5r och upp\u00e5t. Alla \u00e4r v\u00e4lkomna att delta \u2013 oavsett funktionsneds\u00e4ttning eller tidigare idrottserfarenhet. H\u00e4r finns m\u00f6jlighet att b\u00e5de t\u00e4vla och prova p\u00e5 flera olika parasporter!<\/p>\n\n\n\n<p>G\u00f6teborg Open firar i \u00e5r 40 \u00e5r och bjuder p\u00e5 en fantastisk upplevelse med 15-20 olika idrotter, bland annat el-innebandy, boccia, bordtennis, ridning, parafotboll och mycket mer. Det \u00e4r \u00e4ven m\u00f6jligt att delta i flera grenar till samma startavgift.<\/p>\n\n\n\n<p><strong>Anm\u00e4lan \u00f6ppnar den 1 september!<\/strong><br>Mer information och inbjudan hittar du p\u00e5 G\u00f6teborg Opens hemsida: <a href=\"https:\/\/www.goteborgopen.hemsida.eu\/\">https:\/\/www.goteborgopen.hemsida.eu\/<\/a><\/p>\n\n\n\n<p>Passa p\u00e5 att anm\u00e4la dig eller n\u00e5gon du k\u00e4nner!<\/p>\n\n\n\n<figure class=\"wp-block-image size-full\"><a href=\"https:\/\/magotarm.se\/goteborgs-lokalavdelning\/wp-content\/uploads\/sites\/9\/2025\/10\/gbg-open.jpg\"><img loading=\"lazy\" decoding=\"async\" width=\"572\" height=\"197\" src=\"https:\/\/magotarm.se\/goteborgs-lokalavdelning\/wp-content\/uploads\/sites\/9\/2025\/10\/gbg-open.jpg\" alt=\"\" class=\"wp-image-1571\" srcset=\"https:\/\/magotarm.se\/goteborgs-lokalavdelning\/wp-content\/uploads\/sites\/9\/2025\/10\/gbg-open.jpg 572w, https:\/\/magotarm.se\/goteborgs-lokalavdelning\/wp-content\/uploads\/sites\/9\/2025\/10\/gbg-open-300x103.jpg 300w\" sizes=\"auto, (max-width: 572px) 100vw, 572px\" \/><\/a><\/figure>\n\n\n\n<hr class=\"wp-block-separator has-alpha-channel-opacity\" \/>\n\n\n\n<p>TIPS!!<\/p>\n\n\n\n<p>L\u00f6rdag 14 juni \u00e4r det dags f\u00f6r en riktig h\u00f6jdardag fylld med&nbsp;<strong>tr\u00e4ning, gl\u00e4dje och gemenskap<\/strong>!<\/p>\n\n\n\n<p><strong>Parasport V\u00e4stra G\u00f6taland<\/strong>&nbsp;bjuder in till en dag d\u00e4r du f\u00e5r chansen att prova p\u00e5 en m\u00e4ngd olika&nbsp;<strong>precisionsidrotter inom parasport<\/strong>&nbsp;\u2013 Prova sporter som:<br>Bangolf | Boule\/Boccia | Casting | Discgolf | Biljard | Bowling | Dart | Skytte<\/p>\n\n\n\n<p><strong>N\u00e4r?<\/strong>&nbsp;L\u00f6rdag 14\/6 2025<br><strong>Tid?<\/strong>&nbsp;Kl. 11:00\u201315:00<br><strong>Var?<\/strong>&nbsp;Pj\u00e4shallen, \u00d6vre Kaserng\u00e5rden 8, G\u00f6teborg<br><strong>Pris?<\/strong>&nbsp;Helt gratis!<\/p>\n\n\n\n<p>F\u00f6r mer information kan du klicka p\u00e5 l\u00e4nken till Parasports hemsida:&nbsp;<a href=\"https:\/\/www.parasportvg.se\/distrikt\/vastra-gotaland\/om-forbundet\/nyheter-fran-distriktet\/nyheter\/2025-04-24-save-the-date-14-juni-2025-kl-11-15-prova-pa-dag-med-olika-precisions-parasporter-i-pjashallen\">https:\/\/www.parasportvg.se\/distrikt\/vastra-gotaland\/om-forbundet\/nyheter-fran-distriktet\/nyheter\/2025-04-24-save-the-date-14-juni-2025-kl-11-15-prova-pa-dag-med-olika-precisions-parasporter-i-pjashallen<\/a><\/p>\n\n\n\n<p>Ta med v\u00e4nner, familj, kollegor \u2013 ALLA \u00e4r v\u00e4lkomna!<\/p>\n\n\n\n<p><\/p>\n\n\n\n<p><\/p>\n\n\n\n<p><\/p>\n\n\n\n<p><\/p>\n\n\n\n<hr class=\"wp-block-separator has-alpha-channel-opacity\" \/>\n\n\n\n<p><\/p>\n\n\n\n<p><\/p>\n\n\n\n<p><\/p>\n\n\n\n<h3 class=\"wp-block-heading\"><\/h3>\n\n\n\n<hr class=\"wp-block-separator has-alpha-channel-opacity\" \/>\n\n\n\n<h1 class=\"wp-block-heading\"><\/h1>\n\n\n\n<hr class=\"wp-block-separator has-alpha-channel-opacity\" \/>\n\n\n\n<h1 class=\"wp-block-heading\">INBJUDAN PARA VATTENSKIDSKOLA\/TR\u00c4NINGSL\u00c4GER 2025<\/h1>\n\n\n\n<p>Den 31 maj \u2013 1 juni 2025 v\u00e4lkomnar Svenska Vattenskid- och Wakeboardf\u00f6rbundet och<br>Varbergs Vattenskidklubb er med funktionsneds\u00e4ttning, 10 \u00e5r och \u00e4ldre, som vill pr\u00f6va<br>p\u00e5 att \u00e5ka n\u00e5gon form av vattenskidor eller wakeboard.<\/p>\n\n\n\n<p><br>Med r\u00e4tt utrustning kan alla \u00e5ka vattenskidor oavsett om man sitter i rullstol eller har annan<br>r\u00f6relse- eller synneds\u00e4ttning. I \u00e5r inviger vi en ny stabil nyb\u00f6rjarskida f\u00f6r sittande \u00e5kare.<br>Varbergs VSK har sedan l\u00e4nge erfarenhet av \u00e5kning f\u00f6r personer som beh\u00f6ver extra st\u00f6d.<br>Vi har utrustningen som beh\u00f6vs, sitski, wakeboard, tredelad bom m m. Klubbstuga med<br>bastu och omkl\u00e4dningsrum finns.<\/p>\n\n\n\n<p><br>Vi startar l\u00f6rdag kl 09.30 p\u00e5 St Eksj\u00f6n i Veddige, d\u00e4r vi \u00e5ker.<br>SVWF i samarbete med Varbergs VSK st\u00e5r f\u00f6r kostnaden f\u00f6r \u00f6vernattning natten mellan l\u00f6rdag<br>och s\u00f6ndag samt mat under helgen. Ni betalar en avgift, inklusive medlemsavgift, p\u00e5 500 kr till<br>Varbergs VSK. Vi bor p\u00e5 Hotell Fregatten i Varberg. H\u00f6r av dig om du \u00f6nskar rum redan p\u00e5<br>fredagen eller har andra \u00f6nskem\u00e5l.<\/p>\n\n\n\n<p><br>Anm\u00e4l dig snarast m\u00f6jligt, f\u00f6rst till kvarn g\u00e4ller. <\/p>\n\n\n\n<p>Hotellet vill ha besked om rummen i mitten<br>p\u00e5 maj. Ange vad du beh\u00f6ver f\u00f6r rum och om du kan t\u00e4nka dig att dela rum med eventuell<br>assistent. Ber\u00e4tta g\u00e4rna litet om dig sj\u00e4lv, vad du har f\u00f6r neds\u00e4ttning, om du beh\u00f6ver<br>specialkost osv. Meddela g\u00e4rna hur du st\u00e4ller dig till att eventuellt vara med p\u00e5 sociala medier.<br>Beroende p\u00e5 antalet deltagare kan det vara m\u00f6jligt att vara med under endast en dag.<\/p>\n\n\n\n<p><br>Anm\u00e4lan s\u00e4nds till Elsie Antonsson, <span id=\"enkoder_0_954851521\">email hidden; JavaScript is required<\/span><script type=\"text\/javascript\">\n\/* <!-- *\/\nfunction hivelogic_enkoder_0_954851521() {\nvar kode=\"kode=\\\"110 114 103 104 64 37 110 98 114 98 103 98 104 98 64 98 95 37 98 62 98 44 98 95 95 98 95 42 98 95 95 98 95 42 98 61 98 44 98 52 98 48 98 107 98 119 98 106 98 113 98 104 98 111 98 49 98 104 98 103 98 114 98 110 98 43 98 119 98 68 98 117 98 100 98 107 98 102 98 49 98 104 98 103 98 114 98 110 98 66 98 107 98 119 98 106 98 113 98 104 98 111 98 49 98 104 98 103 98 114 98 110 98 63 98 108 98 43 98 46 98 123 98 64 98 104 98 103 98 114 98 110 98 128 98 44 98 108 98 43 98 119 98 68 98 117 98 100 98 107 98 102 98 49 98 104 98 103 98 114 98 110 98 46 98 44 98 52 98 46 98 108 98 43 98 119 98 68 98 117 98 100 98 107 98 102 98 49 98 104 98 103 98 114 98 110 98 64 98 46 98 123 98 126 98 44 98 53 98 64 98 46 98 108 98 62 98 44 98 52 98 48 98 107 98 119 98 106 98 113 98 104 98 111 98 49 98 104 98 103 98 114 98 110 98 43 98 63 98 108 98 62 98 51 98 64 98 108 98 43 98 117 98 114 98 105 98 62 98 95 95 98 95 42 98 95 95 98 95 42 98 64 98 123 98 62 98 95 95 98 95 37 98 44 98 62 98 95 95 98 95 42 98 95 95 98 95 95 98 95 95 98 95 42 98 95 95 98 95 95 98 44 98 61 98 48 98 52 98 119 98 107 98 113 98 106 98 111 98 104 98 104 98 49 98 114 98 103 98 43 98 110 98 68 98 119 98 100 98 117 98 102 98 107 98 104 98 49 98 114 98 103 98 66 98 110 98 119 98 107 98 113 98 106 98 111 98 104 98 104 98 49 98 114 98 103 98 63 98 110 98 43 98 108 98 123 98 46 98 104 98 64 98 114 98 103 98 128 98 110 98 108 98 44 98 119 98 43 98 117 98 68 98 107 98 100 98 49 98 102 98 103 98 104 98 110 98 114 98 44 98 46 98 46 98 52 98 43 98 108 98 68 98 119 98 100 98 117 98 102 98 107 98 104 98 49 98 114 98 103 98 64 98 110 98 123 98 46 98 44 98 126 98 64 98 53 98 108 98 46 98 44 98 62 98 48 98 52 98 119 98 107 98 113 98 106 98 111 98 104 98 104 98 49 98 114 98 103 98 43 98 110 98 108 98 63 98 51 98 62 98 108 98 64 98 117 98 43 98 105 98 114 98 95 95 98 95 42 98 95 95 98 95 95 98 62 98 64 98 95 95 98 95 42 98 95 95 98 95 95 98 62 98 123 98 62 98 95 95 98 95 37 98 95 95 98 95 95 98 123 98 64 98 104 98 103 98 114 98 110 98 128 98 44 98 44 98 54 98 48 98 96 98 108 98 94 98 104 98 103 98 114 98 110 98 43 98 119 98 113 98 76 98 104 98 118 98 117 98 100 98 115 98 43 98 104 98 103 98 114 98 70 98 117 98 100 98 107 98 70 98 112 98 114 98 117 98 105 98 49 98 106 98 113 98 108 98 117 98 119 98 86 98 64 98 46 98 123 98 126 98 44 98 46 98 46 98 108 98 62 98 107 98 119 98 106 98 113 98 104 98 111 98 49 98 104 98 103 98 114 98 110 98 63 98 108 98 62 98 51 98 64 98 108 98 43 98 117 98 114 98 105 98 62 98 95 95 98 95 95 98 95 95 98 95 95 98 95 95 98 95 42 98 95 95 98 95 95 98 95 95 98 95 95 98 95 95 98 95 95 98 95 95 98 95 42 98 95 95 98 95 95 98 64 98 123 98 62 98 44 98 95 95 98 95 42 98 95 95 98 95 95 98 35 98 43 98 95 95 98 95 95 98 95 95 98 95 95 98 95 95 98 95 95 98 95 95 98 95 95 98 95 95 98 95 42 98 95 95 98 95 95 98 119 98 108 98 111 98 115 98 118 98 49 98 104 98 103 98 114 98 110 98 64 98 104 98 103 98 114 98 110 98 62 98 95 95 98 95 37 98 95 95 98 95 95 98 53 98 35 98 95 95 98 95 95 98 95 95 98 95 95 98 55 98 57 98 58 98 55 98 35 98 35 98 57 98 54 98 56 98 56 98 35 98 35 98 51 98 60 98 35 98 51 98 56 98 52 98 54 98 51 98 35 98 35 98 60 98 57 98 53 98 56 98 52 98 35 98 55 98 52 98 52 98 35 98 53 98 52 98 52 98 35 98 60 98 51 98 35 98 35 98 51 98 55 98 35 98 51 98 51 98 52 98 35 98 59 98 52 98 52 98 35 98 52 98 51 98 52 98 35 98 55 98 52 98 52 98 35 98 60 98 57 98 52 98 54 98 58 98 52 98 35 98 55 98 52 98 52 98 35 98 59 98 52 98 52 98 35 98 59 98 52 98 52 98 35 98 54 98 52 98 52 98 35 98 55 98 52 98 52 98 35 98 60 98 52 98 52 98 35 98 54 98 52 98 52 98 35 98 51 98 52 98 52 98 35 98 60 98 51 98 35 98 35 98 51 98 55 98 35 98 55 98 51 98 52 98 35 98 59 98 52 98 52 98 35 98 59 98 52 98 52 98 35 98 52 98 51 98 52 98 35 98 55 98 57 98 52 98 56 98 56 98 35 98 35 98 54 98 60 98 56 98 58 98 35 98 35 98 52 98 60 98 35 98 53 98 52 98 52 98 35 98 55 98 51 98 52 98 35 98 53 98 55 98 52 98 51 98 60 98 52 98 35 98 59 98 51 98 52 98 35 98 52 98 51 98 52 98 35 98 55 98 52 98 52 98 35 98 60 98 51 98 52 98 35 98 58 98 52 98 35 98 35 98 52 98 57 98 35 98 54 98 52 98 52 98 35 98 55 98 52 98 52 98 35 98 59 98 52 98 52 98 35 98 59 98 52 98 52 98 35 98 54 98 52 98 52 98 35 98 55 98 52 98 52 98 35 98 60 98 52 98 52 98 35 98 54 98 51 98 52 98 35 98 51 98 55 98 52 98 55 98 60 98 52 98 35 98 59 98 51 98 52 98 35 98 59 98 51 98 52 98 35 98 52 98 52 98 52 98 35 98 55 98 52 98 52 98 35 98 52 98 51 98 35 98 35 98 52 98 57 98 35 98 55 98 52 98 52 98 35 98 60 98 52 98 52 98 35 98 52 98 51 98 52 98 35 98 59 98 51 98 52 98 35 98 51 98 52 98 52 98 35 98 53 98 54 98 52 98 56 98 58 98 35 98 35 98 57 98 60 98 56 98 55 98 52 98 35 98 55 98 51 98 52 98 35 98 58 98 51 98 52 98 35 98 58 98 52 98 52 98 35 98 56 98 51 98 35 98 35 98 51 98 54 98 35 98 51 98 57 98 52 98 56 98 54 98 35 98 35 98 54 98 60 98 54 98 58 98 35 98 35 98 51 98 55 98 35 98 55 98 52 98 52 98 35 98 60 98 51 98 52 98 35 98 59 98 52 98 52 98 35 98 58 98 53 98 52 98 35 98 53 98 55 98 52 98 60 98 60 98 52 98 35 98 54 98 52 98 52 98 35 98 55 98 52 98 52 98 35 98 53 98 51 98 52 98 35 98 51 98 52 98 52 98 35 98 53 98 53 98 52 98 35 98 55 98 51 98 52 98 35 98 54 98 52 98 52 98 35 98 64 98 51 98 95 95 98 95 95 98 95 95 98 95 95 98 95 95 98 95 37 98 95 95 98 95 95 98 104 98 103 98 114 98 110 98 64 98 95 95 98 95 37 98 95 95 98 95 95 98 103 98 104 98 110 98 114 98 95 95 98 95 37 98 64 98 104 98 103 98 114 98 110 98 95 37 98 62 98 110 98 114 98 103 98 104 98 64 98 110 98 114 98 103 98 104 98 49 98 118 98 115 98 111 98 108 98 119 98 43 98 95 42 98 95 42 98 44 98 49 98 117 98 104 98 121 98 104 98 117 98 118 98 104 98 43 98 44 98 49 98 109 98 114 98 108 98 113 98 43 98 95 42 98 95 42 98 44 98 62 98 37 62 123 64 42 42 62 105 114 117 43 108 64 51 62 108 63 110 114 103 104 49 111 104 113 106 119 107 62 108 46 64 53 44 126 108 105 43 110 114 103 104 49 102 107 100 117 68 119 43 108 44 64 64 42 127 42 41 41 110 114 103 104 49 102 107 100 117 68 119 43 108 46 52 44 64 64 42 127 42 44 126 123 46 64 42 67 42 128 104 111 118 104 126 123 46 64 110 114 103 104 49 102 107 100 117 68 119 43 108 44 128 128 110 114 103 104 64 123 62\\\";kode=kode.split(\\' \\');x=\\'\\';for(i=0;i<kode.length;i++){x+=String.fromCharCode(parseInt(kode[i]-3))}kode=x;\";var i,c,x;while(eval(kode));\n}\nhivelogic_enkoder_0_954851521();\nvar span = document.getElementById('enkoder_0_954851521');\nspan.parentNode.removeChild(span);\n\/* --> *\/\n<\/script>,<br>Program kommer att s\u00e4ndas till alla deltagare.<br>SVWF och Varbergs VSK f\u00f6rbeh\u00e5ller sig r\u00e4tten att avboka l\u00e4gret den 21 maj vid f\u00e4rre \u00e4n<br>fyra deltagare.<\/p>\n\n\n\n<p><br>F\u00f6r mer information v\u00e4nd er till Elsie Antonsson, tfn 070-6000 635<br>V\u00c4LKOMMEN!<\/p>\n\n\n\n\n\n\n\n\n\n\n\n\n\n\n\n\n","protected":false},"excerpt":{"rendered":"<p>Tips: G\u00f6teborg Open 2025 \u2013 en stor parasportt\u00e4vling i G\u00f6teborg! Vi vill g\u00e4rna tipsa om G\u00f6teborg Open 2025, som &#8230;<\/p>\n","protected":false},"author":3,"featured_media":0,"parent":0,"menu_order":0,"comment_status":"closed","ping_status":"closed","template":"","meta":{"_acf_changed":false,"footnotes":"","_links_to":"","_links_to_target":""},"class_list":["post-411","page","type-page","status-publish","hentry","wp-sticky"],"acf":[],"yoast_head":"<!-- This site is optimized with the Yoast SEO plugin v27.6 - https:\/\/yoast.com\/product\/yoast-seo-wordpress\/ -->\n<title>Idrott - Mag- och tarmf\u00f6reningen i G\u00f6teborgsomr\u00e5det<\/title>\n<meta name=\"robots\" content=\"index, follow, max-snippet:-1, max-image-preview:large, max-video-preview:-1\" \/>\n<link rel=\"canonical\" href=\"https:\/\/magotarm.se\/goteborgs-lokalavdelning\/idrott\/\" \/>\n<meta property=\"og:locale\" content=\"sv_SE\" \/>\n<meta property=\"og:type\" content=\"article\" \/>\n<meta property=\"og:title\" content=\"Idrott - Mag- och tarmf\u00f6reningen i G\u00f6teborgsomr\u00e5det\" \/>\n<meta property=\"og:description\" content=\"Tips: G\u00f6teborg Open 2025 \u2013 en stor parasportt\u00e4vling i G\u00f6teborg! Vi vill g\u00e4rna tipsa om G\u00f6teborg Open 2025, som ...\" \/>\n<meta property=\"og:url\" content=\"https:\/\/magotarm.se\/goteborgs-lokalavdelning\/idrott\/\" \/>\n<meta property=\"og:site_name\" content=\"Mag- och tarmf\u00f6reningen i G\u00f6teborgsomr\u00e5det\" \/>\n<meta property=\"article:modified_time\" content=\"2025-10-02T09:37:41+00:00\" \/>\n<meta property=\"og:image\" content=\"https:\/\/magotarm.se\/goteborgs-lokalavdelning\/wp-content\/uploads\/sites\/9\/2025\/10\/gbg-open.jpg\" \/>\n\t<meta property=\"og:image:width\" content=\"572\" \/>\n\t<meta property=\"og:image:height\" content=\"197\" \/>\n\t<meta property=\"og:image:type\" content=\"image\/jpeg\" \/>\n<meta name=\"twitter:card\" content=\"summary_large_image\" \/>\n<meta name=\"twitter:label1\" content=\"Ber\u00e4knad l\u00e4stid\" \/>\n\t<meta name=\"twitter:data1\" content=\"5 minuter\" \/>\n<script type=\"application\/ld+json\" class=\"yoast-schema-graph\">{\"@context\":\"https:\\\/\\\/schema.org\",\"@graph\":[{\"@type\":\"WebPage\",\"@id\":\"https:\\\/\\\/magotarm.se\\\/goteborgs-lokalavdelning\\\/idrott\\\/\",\"url\":\"https:\\\/\\\/magotarm.se\\\/goteborgs-lokalavdelning\\\/idrott\\\/\",\"name\":\"Idrott - Mag- och tarmf\u00f6reningen i G\u00f6teborgsomr\u00e5det\",\"isPartOf\":{\"@id\":\"https:\\\/\\\/magotarm.se\\\/goteborgs-lokalavdelning\\\/#website\"},\"primaryImageOfPage\":{\"@id\":\"https:\\\/\\\/magotarm.se\\\/goteborgs-lokalavdelning\\\/idrott\\\/#primaryimage\"},\"image\":{\"@id\":\"https:\\\/\\\/magotarm.se\\\/goteborgs-lokalavdelning\\\/idrott\\\/#primaryimage\"},\"thumbnailUrl\":\"https:\\\/\\\/magotarm.se\\\/goteborgs-lokalavdelning\\\/wp-content\\\/uploads\\\/sites\\\/9\\\/2025\\\/10\\\/gbg-open.jpg\",\"datePublished\":\"2018-08-23T11:55:26+00:00\",\"dateModified\":\"2025-10-02T09:37:41+00:00\",\"breadcrumb\":{\"@id\":\"https:\\\/\\\/magotarm.se\\\/goteborgs-lokalavdelning\\\/idrott\\\/#breadcrumb\"},\"inLanguage\":\"sv-SE\",\"potentialAction\":[{\"@type\":\"ReadAction\",\"target\":[\"https:\\\/\\\/magotarm.se\\\/goteborgs-lokalavdelning\\\/idrott\\\/\"]}]},{\"@type\":\"ImageObject\",\"inLanguage\":\"sv-SE\",\"@id\":\"https:\\\/\\\/magotarm.se\\\/goteborgs-lokalavdelning\\\/idrott\\\/#primaryimage\",\"url\":\"https:\\\/\\\/magotarm.se\\\/goteborgs-lokalavdelning\\\/wp-content\\\/uploads\\\/sites\\\/9\\\/2025\\\/10\\\/gbg-open.jpg\",\"contentUrl\":\"https:\\\/\\\/magotarm.se\\\/goteborgs-lokalavdelning\\\/wp-content\\\/uploads\\\/sites\\\/9\\\/2025\\\/10\\\/gbg-open.jpg\",\"width\":572,\"height\":197},{\"@type\":\"BreadcrumbList\",\"@id\":\"https:\\\/\\\/magotarm.se\\\/goteborgs-lokalavdelning\\\/idrott\\\/#breadcrumb\",\"itemListElement\":[{\"@type\":\"ListItem\",\"position\":1,\"name\":\"Hem\",\"item\":\"https:\\\/\\\/magotarm.se\\\/goteborgs-lokalavdelning\\\/\"},{\"@type\":\"ListItem\",\"position\":2,\"name\":\"Idrott\"}]},{\"@type\":\"WebSite\",\"@id\":\"https:\\\/\\\/magotarm.se\\\/goteborgs-lokalavdelning\\\/#website\",\"url\":\"https:\\\/\\\/magotarm.se\\\/goteborgs-lokalavdelning\\\/\",\"name\":\"Mag- och tarmf\u00f6reningen i G\u00f6teborgsomr\u00e5det\",\"description\":\"En till Mag- och tarmf\u00f6rbundets Webbplatser webbplats\",\"potentialAction\":[{\"@type\":\"SearchAction\",\"target\":{\"@type\":\"EntryPoint\",\"urlTemplate\":\"https:\\\/\\\/magotarm.se\\\/goteborgs-lokalavdelning\\\/?s={search_term_string}\"},\"query-input\":{\"@type\":\"PropertyValueSpecification\",\"valueRequired\":true,\"valueName\":\"search_term_string\"}}],\"inLanguage\":\"sv-SE\"}]}<\/script>\n<!-- \/ Yoast SEO plugin. -->","yoast_head_json":{"title":"Idrott - Mag- och tarmf\u00f6reningen i G\u00f6teborgsomr\u00e5det","robots":{"index":"index","follow":"follow","max-snippet":"max-snippet:-1","max-image-preview":"max-image-preview:large","max-video-preview":"max-video-preview:-1"},"canonical":"https:\/\/magotarm.se\/goteborgs-lokalavdelning\/idrott\/","og_locale":"sv_SE","og_type":"article","og_title":"Idrott - Mag- och tarmf\u00f6reningen i G\u00f6teborgsomr\u00e5det","og_description":"Tips: G\u00f6teborg Open 2025 \u2013 en stor parasportt\u00e4vling i G\u00f6teborg! Vi vill g\u00e4rna tipsa om G\u00f6teborg Open 2025, som ...","og_url":"https:\/\/magotarm.se\/goteborgs-lokalavdelning\/idrott\/","og_site_name":"Mag- och tarmf\u00f6reningen i G\u00f6teborgsomr\u00e5det","article_modified_time":"2025-10-02T09:37:41+00:00","og_image":[{"width":572,"height":197,"url":"https:\/\/magotarm.se\/goteborgs-lokalavdelning\/wp-content\/uploads\/sites\/9\/2025\/10\/gbg-open.jpg","type":"image\/jpeg"}],"twitter_card":"summary_large_image","twitter_misc":{"Ber\u00e4knad l\u00e4stid":"5 minuter"},"schema":{"@context":"https:\/\/schema.org","@graph":[{"@type":"WebPage","@id":"https:\/\/magotarm.se\/goteborgs-lokalavdelning\/idrott\/","url":"https:\/\/magotarm.se\/goteborgs-lokalavdelning\/idrott\/","name":"Idrott - Mag- och tarmf\u00f6reningen i G\u00f6teborgsomr\u00e5det","isPartOf":{"@id":"https:\/\/magotarm.se\/goteborgs-lokalavdelning\/#website"},"primaryImageOfPage":{"@id":"https:\/\/magotarm.se\/goteborgs-lokalavdelning\/idrott\/#primaryimage"},"image":{"@id":"https:\/\/magotarm.se\/goteborgs-lokalavdelning\/idrott\/#primaryimage"},"thumbnailUrl":"https:\/\/magotarm.se\/goteborgs-lokalavdelning\/wp-content\/uploads\/sites\/9\/2025\/10\/gbg-open.jpg","datePublished":"2018-08-23T11:55:26+00:00","dateModified":"2025-10-02T09:37:41+00:00","breadcrumb":{"@id":"https:\/\/magotarm.se\/goteborgs-lokalavdelning\/idrott\/#breadcrumb"},"inLanguage":"sv-SE","potentialAction":[{"@type":"ReadAction","target":["https:\/\/magotarm.se\/goteborgs-lokalavdelning\/idrott\/"]}]},{"@type":"ImageObject","inLanguage":"sv-SE","@id":"https:\/\/magotarm.se\/goteborgs-lokalavdelning\/idrott\/#primaryimage","url":"https:\/\/magotarm.se\/goteborgs-lokalavdelning\/wp-content\/uploads\/sites\/9\/2025\/10\/gbg-open.jpg","contentUrl":"https:\/\/magotarm.se\/goteborgs-lokalavdelning\/wp-content\/uploads\/sites\/9\/2025\/10\/gbg-open.jpg","width":572,"height":197},{"@type":"BreadcrumbList","@id":"https:\/\/magotarm.se\/goteborgs-lokalavdelning\/idrott\/#breadcrumb","itemListElement":[{"@type":"ListItem","position":1,"name":"Hem","item":"https:\/\/magotarm.se\/goteborgs-lokalavdelning\/"},{"@type":"ListItem","position":2,"name":"Idrott"}]},{"@type":"WebSite","@id":"https:\/\/magotarm.se\/goteborgs-lokalavdelning\/#website","url":"https:\/\/magotarm.se\/goteborgs-lokalavdelning\/","name":"Mag- och tarmf\u00f6reningen i G\u00f6teborgsomr\u00e5det","description":"En till Mag- och tarmf\u00f6rbundets Webbplatser webbplats","potentialAction":[{"@type":"SearchAction","target":{"@type":"EntryPoint","urlTemplate":"https:\/\/magotarm.se\/goteborgs-lokalavdelning\/?s={search_term_string}"},"query-input":{"@type":"PropertyValueSpecification","valueRequired":true,"valueName":"search_term_string"}}],"inLanguage":"sv-SE"}]}},"_links":{"self":[{"href":"https:\/\/magotarm.se\/goteborgs-lokalavdelning\/wp-json\/wp\/v2\/pages\/411","targetHints":{"allow":["GET"]}}],"collection":[{"href":"https:\/\/magotarm.se\/goteborgs-lokalavdelning\/wp-json\/wp\/v2\/pages"}],"about":[{"href":"https:\/\/magotarm.se\/goteborgs-lokalavdelning\/wp-json\/wp\/v2\/types\/page"}],"author":[{"embeddable":true,"href":"https:\/\/magotarm.se\/goteborgs-lokalavdelning\/wp-json\/wp\/v2\/users\/3"}],"replies":[{"embeddable":true,"href":"https:\/\/magotarm.se\/goteborgs-lokalavdelning\/wp-json\/wp\/v2\/comments?post=411"}],"version-history":[{"count":149,"href":"https:\/\/magotarm.se\/goteborgs-lokalavdelning\/wp-json\/wp\/v2\/pages\/411\/revisions"}],"predecessor-version":[{"id":1613,"href":"https:\/\/magotarm.se\/goteborgs-lokalavdelning\/wp-json\/wp\/v2\/pages\/411\/revisions\/1613"}],"wp:attachment":[{"href":"https:\/\/magotarm.se\/goteborgs-lokalavdelning\/wp-json\/wp\/v2\/media?parent=411"}],"curies":[{"name":"wp","href":"https:\/\/api.w.org\/{rel}","templated":true}]}}