{"id":118,"date":"2017-03-27T10:33:08","date_gmt":"2017-03-27T08:33:08","guid":{"rendered":"http:\/\/magotarm.se\/fyrbodals-lokalavdelning\/?post_type=ajde_events&#038;p=118"},"modified":"2017-03-27T10:33:08","modified_gmt":"2017-03-27T08:33:08","slug":"cafe-arken-4","status":"publish","type":"ajde_events","link":"https:\/\/magotarm.se\/fyrbodals-lokalavdelning\/events\/cafe-arken-4\/","title":{"rendered":"Caf\u00e9 Arken"},"content":{"rendered":"<p><strong>Caf\u00e9 Arken, 25\/4 kl. 10.00-12.00<\/strong><\/p>\n<p>Fikasugen? Kom till Caf\u00e9 Arken p\u00e5 HSO, Kapellev\u00e4gen 1 A, Uddevalla och fika. Tisdagen 25\/4 kl. 10-12 \u00e4r det v\u00e5r f\u00f6rening som h\u00e5ller i Caf\u00e9et. Kom g\u00e4rna f\u00f6rbi, allt informationsmaterial finns tillg\u00e4ngligt.<\/p>\n<p>Vi s\u00e4ljer \u00e4ven v\u00e5ra armband FIGHT IBD och FIGHT IBS.<\/p>\n","protected":false},"author":3,"featured_media":0,"menu_order":0,"comment_status":"open","ping_status":"closed","template":"","meta":{"_acf_changed":false,"_links_to":"","_links_to_target":""},"tags":[],"event_type":[],"event_type_2":[],"class_list":["post-118","ajde_events","type-ajde_events","status-publish","hentry","wp-sticky"],"acf":[],"yoast_head":"<!-- This site is optimized with the Yoast SEO plugin v27.5 - https:\/\/yoast.com\/product\/yoast-seo-wordpress\/ -->\n<title>Caf\u00e9 Arken - Mag- och tarmf\u00f6reningen i Fyrbodal<\/title>\n<meta name=\"robots\" content=\"index, follow, max-snippet:-1, max-image-preview:large, max-video-preview:-1\" \/>\n<link rel=\"canonical\" href=\"https:\/\/magotarm.se\/fyrbodals-lokalavdelning\/events\/cafe-arken-4\/\" \/>\n<meta property=\"og:locale\" content=\"sv_SE\" \/>\n<meta property=\"og:type\" content=\"article\" \/>\n<meta property=\"og:title\" content=\"Caf\u00e9 Arken - Mag- och tarmf\u00f6reningen i Fyrbodal\" \/>\n<meta property=\"og:description\" content=\"Caf\u00e9 Arken, 25\/4 kl. 10.00-12.00 Fikasugen? Kom till Caf\u00e9 Arken p\u00e5 HSO, Kapellev\u00e4gen 1 A, Uddevalla och fika. Tisdagen ...\" \/>\n<meta property=\"og:url\" content=\"https:\/\/magotarm.se\/fyrbodals-lokalavdelning\/events\/cafe-arken-4\/\" \/>\n<meta property=\"og:site_name\" content=\"Mag- och tarmf\u00f6reningen i Fyrbodal\" \/>\n<meta name=\"twitter:card\" content=\"summary_large_image\" \/>\n<script type=\"application\/ld+json\" class=\"yoast-schema-graph\">{\"@context\":\"https:\\\/\\\/schema.org\",\"@graph\":[{\"@type\":\"WebPage\",\"@id\":\"https:\\\/\\\/magotarm.se\\\/fyrbodals-lokalavdelning\\\/events\\\/cafe-arken-4\\\/\",\"url\":\"https:\\\/\\\/magotarm.se\\\/fyrbodals-lokalavdelning\\\/events\\\/cafe-arken-4\\\/\",\"name\":\"Caf\u00e9 Arken - Mag- och tarmf\u00f6reningen i Fyrbodal\",\"isPartOf\":{\"@id\":\"https:\\\/\\\/magotarm.se\\\/fyrbodals-lokalavdelning\\\/#website\"},\"datePublished\":\"2017-03-27T08:33:08+00:00\",\"breadcrumb\":{\"@id\":\"https:\\\/\\\/magotarm.se\\\/fyrbodals-lokalavdelning\\\/events\\\/cafe-arken-4\\\/#breadcrumb\"},\"inLanguage\":\"sv-SE\",\"potentialAction\":[{\"@type\":\"ReadAction\",\"target\":[\"https:\\\/\\\/magotarm.se\\\/fyrbodals-lokalavdelning\\\/events\\\/cafe-arken-4\\\/\"]}]},{\"@type\":\"BreadcrumbList\",\"@id\":\"https:\\\/\\\/magotarm.se\\\/fyrbodals-lokalavdelning\\\/events\\\/cafe-arken-4\\\/#breadcrumb\",\"itemListElement\":[{\"@type\":\"ListItem\",\"position\":1,\"name\":\"Hem\",\"item\":\"https:\\\/\\\/magotarm.se\\\/fyrbodals-lokalavdelning\\\/\"},{\"@type\":\"ListItem\",\"position\":2,\"name\":\"Events\",\"item\":\"https:\\\/\\\/magotarm.se\\\/fyrbodals-lokalavdelning\\\/events\\\/\"},{\"@type\":\"ListItem\",\"position\":3,\"name\":\"Caf\u00e9 Arken\"}]},{\"@type\":\"WebSite\",\"@id\":\"https:\\\/\\\/magotarm.se\\\/fyrbodals-lokalavdelning\\\/#website\",\"url\":\"https:\\\/\\\/magotarm.se\\\/fyrbodals-lokalavdelning\\\/\",\"name\":\"Mag- och tarmf\u00f6reningen i Fyrbodal\",\"description\":\"En till Mag- och tarmf\u00f6rbundets Webbplatser webbplats\",\"potentialAction\":[{\"@type\":\"SearchAction\",\"target\":{\"@type\":\"EntryPoint\",\"urlTemplate\":\"https:\\\/\\\/magotarm.se\\\/fyrbodals-lokalavdelning\\\/?s={search_term_string}\"},\"query-input\":{\"@type\":\"PropertyValueSpecification\",\"valueRequired\":true,\"valueName\":\"search_term_string\"}}],\"inLanguage\":\"sv-SE\"}]}<\/script>\n<!-- \/ Yoast SEO plugin. -->","yoast_head_json":{"title":"Caf\u00e9 Arken - Mag- och tarmf\u00f6reningen i Fyrbodal","robots":{"index":"index","follow":"follow","max-snippet":"max-snippet:-1","max-image-preview":"max-image-preview:large","max-video-preview":"max-video-preview:-1"},"canonical":"https:\/\/magotarm.se\/fyrbodals-lokalavdelning\/events\/cafe-arken-4\/","og_locale":"sv_SE","og_type":"article","og_title":"Caf\u00e9 Arken - Mag- och tarmf\u00f6reningen i Fyrbodal","og_description":"Caf\u00e9 Arken, 25\/4 kl. 10.00-12.00 Fikasugen? Kom till Caf\u00e9 Arken p\u00e5 HSO, Kapellev\u00e4gen 1 A, Uddevalla och fika. Tisdagen ...","og_url":"https:\/\/magotarm.se\/fyrbodals-lokalavdelning\/events\/cafe-arken-4\/","og_site_name":"Mag- och tarmf\u00f6reningen i Fyrbodal","twitter_card":"summary_large_image","schema":{"@context":"https:\/\/schema.org","@graph":[{"@type":"WebPage","@id":"https:\/\/magotarm.se\/fyrbodals-lokalavdelning\/events\/cafe-arken-4\/","url":"https:\/\/magotarm.se\/fyrbodals-lokalavdelning\/events\/cafe-arken-4\/","name":"Caf\u00e9 Arken - Mag- och tarmf\u00f6reningen i Fyrbodal","isPartOf":{"@id":"https:\/\/magotarm.se\/fyrbodals-lokalavdelning\/#website"},"datePublished":"2017-03-27T08:33:08+00:00","breadcrumb":{"@id":"https:\/\/magotarm.se\/fyrbodals-lokalavdelning\/events\/cafe-arken-4\/#breadcrumb"},"inLanguage":"sv-SE","potentialAction":[{"@type":"ReadAction","target":["https:\/\/magotarm.se\/fyrbodals-lokalavdelning\/events\/cafe-arken-4\/"]}]},{"@type":"BreadcrumbList","@id":"https:\/\/magotarm.se\/fyrbodals-lokalavdelning\/events\/cafe-arken-4\/#breadcrumb","itemListElement":[{"@type":"ListItem","position":1,"name":"Hem","item":"https:\/\/magotarm.se\/fyrbodals-lokalavdelning\/"},{"@type":"ListItem","position":2,"name":"Events","item":"https:\/\/magotarm.se\/fyrbodals-lokalavdelning\/events\/"},{"@type":"ListItem","position":3,"name":"Caf\u00e9 Arken"}]},{"@type":"WebSite","@id":"https:\/\/magotarm.se\/fyrbodals-lokalavdelning\/#website","url":"https:\/\/magotarm.se\/fyrbodals-lokalavdelning\/","name":"Mag- och tarmf\u00f6reningen i Fyrbodal","description":"En till Mag- och tarmf\u00f6rbundets Webbplatser webbplats","potentialAction":[{"@type":"SearchAction","target":{"@type":"EntryPoint","urlTemplate":"https:\/\/magotarm.se\/fyrbodals-lokalavdelning\/?s={search_term_string}"},"query-input":{"@type":"PropertyValueSpecification","valueRequired":true,"valueName":"search_term_string"}}],"inLanguage":"sv-SE"}]}},"_links":{"self":[{"href":"https:\/\/magotarm.se\/fyrbodals-lokalavdelning\/wp-json\/wp\/v2\/ajde_events\/118","targetHints":{"allow":["GET"]}}],"collection":[{"href":"https:\/\/magotarm.se\/fyrbodals-lokalavdelning\/wp-json\/wp\/v2\/ajde_events"}],"about":[{"href":"https:\/\/magotarm.se\/fyrbodals-lokalavdelning\/wp-json\/wp\/v2\/types\/ajde_events"}],"author":[{"embeddable":true,"href":"https:\/\/magotarm.se\/fyrbodals-lokalavdelning\/wp-json\/wp\/v2\/users\/3"}],"replies":[{"embeddable":true,"href":"https:\/\/magotarm.se\/fyrbodals-lokalavdelning\/wp-json\/wp\/v2\/comments?post=118"}],"wp:attachment":[{"href":"https:\/\/magotarm.se\/fyrbodals-lokalavdelning\/wp-json\/wp\/v2\/media?parent=118"}],"wp:term":[{"taxonomy":"post_tag","embeddable":true,"href":"https:\/\/magotarm.se\/fyrbodals-lokalavdelning\/wp-json\/wp\/v2\/tags?post=118"},{"taxonomy":"event_type","embeddable":true,"href":"https:\/\/magotarm.se\/fyrbodals-lokalavdelning\/wp-json\/wp\/v2\/event_type?post=118"},{"taxonomy":"event_type_2","embeddable":true,"href":"https:\/\/magotarm.se\/fyrbodals-lokalavdelning\/wp-json\/wp\/v2\/event_type_2?post=118"}],"curies":[{"name":"wp","href":"https:\/\/api.w.org\/{rel}","templated":true}]}}

Café Arken

<p><strong>Café Arken, 25/4 kl. 10.00-12.00</strong></p>
<p>Fikasugen? Kom till Café Arken på HSO, Kapellevägen 1 A, Uddevalla och fika. Tisdagen 25/4 kl. 10-12 är det vår förening som håller i Caféet. Kom gärna förbi, allt informationsmaterial finns tillgängligt.</p>
<p>Vi säljer även våra armband FIGHT IBD och FIGHT IBS.</p>

<!-- This site is optimized with the Yoast SEO plugin v27.5 - https://yoast.com/product/yoast-seo-wordpress/ -->
<title>Café Arken - Mag- och tarmföreningen i Fyrbodal</title>
<meta name="robots" content="index, follow, max-snippet:-1, max-image-preview:large, max-video-preview:-1" />
<link rel="canonical" href="https://magotarm.se/fyrbodals-lokalavdelning/events/cafe-arken-4/" />
<meta property="og:locale" content="sv_SE" />
<meta property="og:type" content="article" />
<meta property="og:title" content="Café Arken - Mag- och tarmföreningen i Fyrbodal" />
<meta property="og:description" content="Café Arken, 25/4 kl. 10.00-12.00 Fikasugen? Kom till Café Arken på HSO, Kapellevägen 1 A, Uddevalla och fika. Tisdagen ..." />
<meta property="og:url" content="https://magotarm.se/fyrbodals-lokalavdelning/events/cafe-arken-4/" />
<meta property="og:site_name" content="Mag- och tarmföreningen i Fyrbodal" />
<meta name="twitter:card" content="summary_large_image" />
<script type="application/ld+json" class="yoast-schema-graph">{"@context":"https:\/\/schema.org","@graph":[{"@type":"WebPage","@id":"https:\/\/magotarm.se\/fyrbodals-lokalavdelning\/events\/cafe-arken-4\/","url":"https:\/\/magotarm.se\/fyrbodals-lokalavdelning\/events\/cafe-arken-4\/","name":"Café Arken - Mag- och tarmföreningen i Fyrbodal","isPartOf":{"@id":"https:\/\/magotarm.se\/fyrbodals-lokalavdelning\/#website"},"datePublished":"2017-03-27T08:33:08+00:00","breadcrumb":{"@id":"https:\/\/magotarm.se\/fyrbodals-lokalavdelning\/events\/cafe-arken-4\/#breadcrumb"},"inLanguage":"sv-SE","potentialAction":[{"@type":"ReadAction","target":["https:\/\/magotarm.se\/fyrbodals-lokalavdelning\/events\/cafe-arken-4\/"]}]},{"@type":"BreadcrumbList","@id":"https:\/\/magotarm.se\/fyrbodals-lokalavdelning\/events\/cafe-arken-4\/#breadcrumb","itemListElement":[{"@type":"ListItem","position":1,"name":"Hem","item":"https:\/\/magotarm.se\/fyrbodals-lokalavdelning\/"},{"@type":"ListItem","position":2,"name":"Events","item":"https:\/\/magotarm.se\/fyrbodals-lokalavdelning\/events\/"},{"@type":"ListItem","position":3,"name":"Café Arken"}]},{"@type":"WebSite","@id":"https:\/\/magotarm.se\/fyrbodals-lokalavdelning\/#website","url":"https:\/\/magotarm.se\/fyrbodals-lokalavdelning\/","name":"Mag- och tarmföreningen i Fyrbodal","description":"En till Mag- och tarmförbundets Webbplatser webbplats","potentialAction":[{"@type":"SearchAction","target":{"@type":"EntryPoint","urlTemplate":"https:\/\/magotarm.se\/fyrbodals-lokalavdelning\/?s={search_term_string}"},"query-input":{"@type":"PropertyValueSpecification","valueRequired":true,"valueName":"search_term_string"}}],"inLanguage":"sv-SE"}]}</script>
<!-- / Yoast SEO plugin. -->

Café Arken - Mag- och tarmföreningen i Fyrbodal

Café Arken, 25/4 kl. 10.00-12.00 Fikasugen? Kom till Café Arken på HSO, Kapellevägen 1 A, Uddevalla och fika. Tisdagen ...

Mag- och tarmföreningen i Fyrbodal

En till Mag- och tarmförbundets Webbplatser webbplats
